000
CDUS46 KLOX 260908
CLIBUR


CLIMATE REPORT
NATIONAL WEATHER SERVICE LOS ANGELES/OXNARD CA
208 AM PDT SAT MAY 26 2018


...................................

...THE BOB HOPE AIRPORT (BURBANK) CA CLIMATE SUMMARY FOR MAY 25 2018...

CLIMATE NORMAL PERIOD 1981 TO 2010
CLIMATE RECORD PERIOD 1939 TO 2018


WEATHER ITEM   OBSERVED TIME   RECORD YEAR NORMAL DEPARTURE LAST
                VALUE   (LST)  VALUE       VALUE  FROM      YEAR
                                                  NORMAL
..................................................................
TEMPERATURE (F)
 YESTERDAY
  MAXIMUM         68    339 PM 103    1974  77     -9       67
  MINIMUM         56   1159 PM  43    1980  56      0       58
  AVERAGE         62                        66     -4       63

PRECIPITATION (IN)
  YESTERDAY        0.00          0.02 1995   0.01  -0.01     0.00
                                      1994
  MONTH TO DATE    0.07                      0.31  -0.24     0.13
  SINCE OCT 1      6.30                     16.84 -10.54    13.83
  SINCE JAN 1      6.22                     12.40  -6.18     9.57

SNOWFALL (IN)
  YESTERDAY        0.0
  MONTH TO DATE    0.0
  SINCE MAR 1      0.0
  SINCE JUL 1      0.0

DEGREE DAYS
 HEATING
  YESTERDAY        3                         1      2        2
  MONTH TO DATE   56                        51      5       57
  SINCE MAR 1    317                       407    -90      183
  SINCE JUL 1    823                      1548   -725     1176

 COOLING
  YESTERDAY        0                         3     -3        0
  MONTH TO DATE   47                        52     -5       90
  SINCE MAR 1    107                        97     10      237
  SINCE JAN 1    141                       103     38      238
..................................................................


WIND (MPH)
  HIGHEST WIND SPEED    15   HIGHEST WIND DIRECTION     S (190)
  HIGHEST GUST SPEED    19   HIGHEST GUST DIRECTION     S (190)
  AVERAGE WIND SPEED     6.3


SKY COVER
  POSSIBLE SUNSHINE  MM
  AVERAGE SKY COVER 0.8


WEATHER CONDITIONS
 THE FOLLOWING WEATHER WAS RECORDED YESTERDAY.
  NO SIGNIFICANT WEATHER WAS OBSERVED.


RELATIVE HUMIDITY (PERCENT)
 HIGHEST    86          1200 AM
 LOWEST     48           400 PM
 AVERAGE    67

..........................................................


THE BOB HOPE AIRPORT (BURBANK) CA CLIMATE NORMALS FOR TODAY
                         NORMAL    RECORD    YEAR
 MAXIMUM TEMPERATURE (F)   77       100      1974
 MINIMUM TEMPERATURE (F)   56        42      1977


SUNRISE AND SUNSET
MAY 26 2018...........SUNRISE   545 AM PDT   SUNSET   756 PM PDT
MAY 27 2018...........SUNRISE   545 AM PDT   SUNSET   757 PM PDT


-  INDICATES NEGATIVE NUMBERS.
R  INDICATES RECORD WAS SET OR TIED.
MM INDICATES DATA IS MISSING.
T  INDICATES TRACE AMOUNT.




$$
