000
CDUS43 KLMK 262038
CLIBWG


CLIMATE REPORT
NATIONAL WEATHER SERVICE LOUISVILLE KY
435 PM EDT THU APR 26 2018


...................................

...THE BOWLING GREEN CLIMATE SUMMARY FOR APRIL 26 2018...
VALID TODAY AS OF 0400 PM LOCAL TIME.

CLIMATE NORMAL PERIOD 1981 TO 2010
CLIMATE RECORD PERIOD 1870 TO 2018


WEATHER ITEM   OBSERVED TIME   RECORD YEAR NORMAL DEPARTURE LAST
                VALUE   (LST)  VALUE       VALUE  FROM      YEAR
                                                  NORMAL
..................................................................
TEMPERATURE (F)
 TODAY
  MAXIMUM         63    100 PM  91    1915  73    -10       83
  MINIMUM         53        MM  25    1873  49      4       51
  AVERAGE         58                        61     -3       67

PRECIPITATION (IN)
  TODAY            0.01          2.25 1914   0.16  -0.15     0.00
  MONTH TO DATE    3.83                      3.71   0.12     4.04
  SINCE MAR 1      8.09                      8.12  -0.03     7.83
  SINCE JAN 1     18.96                     15.69   3.27    14.41

SNOWFALL (IN)
  TODAY            0.0           0.0    MM   0.0    0.0      0.0
  MONTH TO DATE    0.3                       0.2    0.1      0.0
  SINCE MAR 1      2.6                       1.3    1.3       T
  SINCE JUL 1     11.0                       9.1    1.9      0.7
  SNOW DEPTH       0

DEGREE DAYS
 HEATING
  TODAY            7                         6      1        0
  MONTH TO DATE  333                       231    102      106
  SINCE MAR 1    876                       751    125      545
  SINCE JUL 1   3890                      3949    -59     2926

 COOLING
  TODAY            0                         1     -1        2
  MONTH TO DATE   11                        25    -14       57
  SINCE MAR 1     11                        30    -19       63
  SINCE JAN 1     26                        30     -4       67
..................................................................


WIND (MPH)
  HIGHEST WIND SPEED     8   HIGHEST WIND DIRECTION    NE (50)
  HIGHEST GUST SPEED    MM   HIGHEST GUST DIRECTION    MM
  AVERAGE WIND SPEED     3.3


SKY COVER
  POSSIBLE SUNSHINE  MM
  AVERAGE SKY COVER 0.6


WEATHER CONDITIONS
 THE FOLLOWING WEATHER WAS RECORDED TODAY.
  LIGHT RAIN


RELATIVE HUMIDITY (PERCENT)
 HIGHEST   100           400 AM
 LOWEST     67          1100 AM
 AVERAGE    84

..........................................................


THE BOWLING GREEN CLIMATE NORMALS FOR TOMORROW
                         NORMAL    RECORD    YEAR
 MAXIMUM TEMPERATURE (F)   73        90      1989
 MINIMUM TEMPERATURE (F)   49        31      1946


SUNRISE AND SUNSET
APRIL 26 2018.........SUNRISE   557 AM CDT   SUNSET   730 PM CDT
APRIL 27 2018.........SUNRISE   556 AM CDT   SUNSET   731 PM CDT


-  INDICATES NEGATIVE NUMBERS.
R  INDICATES RECORD WAS SET OR TIED.
MM INDICATES DATA IS MISSING.
T  INDICATES TRACE AMOUNT.

$$

BJS
