989
CDUS41 KLWX 220529
CLIBWI


CLIMATE REPORT
NATIONAL WEATHER SERVICE BALTIMORE MD/WASHINGTON DC
125 AM EDT SUN APR 22 2018


...................................

...THE BALTIMORE MD CLIMATE SUMMARY FOR APRIL 21 2018...

CLIMATE NORMAL PERIOD 1981 TO 2010
CLIMATE RECORD PERIOD 1871 TO 2018


WEATHER ITEM   OBSERVED TIME   RECORD YEAR NORMAL DEPARTURE LAST
                VALUE   (LST)  VALUE       VALUE  FROM      YEAR
                                                  NORMAL
..................................................................
TEMPERATURE (F)
 YESTERDAY
  MAXIMUM         62    313 PM  88    1957  67     -5       70
  MINIMUM         32    610 AM  29    1956  44    -12       59
  AVERAGE         47                        56     -9       65

PRECIPITATION (IN)
  YESTERDAY        0.00          1.41 1918   0.10  -0.10      T
  MONTH TO DATE    1.65                      2.25  -0.60     2.58
  SINCE MAR 1      3.90                      6.15  -2.25     6.40
  SINCE JAN 1     10.20                     12.10  -1.90    10.55

SNOWFALL (IN)
  YESTERDAY        0.0           0.0    MM   0.0    0.0
  MONTH TO DATE    0.0                       0.0    0.0
  SINCE JUL 1     15.4                      20.1   -4.7
  SNOW DEPTH       0

DEGREE DAYS
 HEATING
  YESTERDAY       18                        10      8        0
  MONTH TO DATE  322                       275     47      135
  SINCE MAR 1   1082                       941    141      782
  SINCE JUL 1   4394                      4536   -142     3673

 COOLING
  YESTERDAY        0                         1     -1        0
  MONTH TO DATE   21                         3     18       23
  SINCE MAR 1     21                         4     17       23
  SINCE JAN 1     22                         4     18       23
..................................................................


WIND (MPH)
  HIGHEST WIND SPEED    14   HIGHEST WIND DIRECTION     W (280)
  HIGHEST GUST SPEED    19   HIGHEST GUST DIRECTION     W (290)
  AVERAGE WIND SPEED     3.5


SKY COVER
  POSSIBLE SUNSHINE  MM
  AVERAGE SKY COVER 0.6


WEATHER CONDITIONS
 THE FOLLOWING WEATHER WAS RECORDED YESTERDAY.
  NO SIGNIFICANT WEATHER WAS OBSERVED.


RELATIVE HUMIDITY (PERCENT)
 HIGHEST    82           600 AM
 LOWEST     25           400 PM
 AVERAGE    54

..........................................................


THE BALTIMORE MD CLIMATE NORMALS FOR TODAY
                         NORMAL    RECORD    YEAR
 MAXIMUM TEMPERATURE (F)   67        93      1985
 MINIMUM TEMPERATURE (F)   45        32      1875


SUNRISE AND SUNSET
APRIL 22 2018.........SUNRISE   620 AM EDT   SUNSET   751 PM EDT
APRIL 23 2018.........SUNRISE   619 AM EDT   SUNSET   752 PM EDT


-  INDICATES NEGATIVE NUMBERS.
R  INDICATES RECORD WAS SET OR TIED.
MM INDICATES DATA IS MISSING.
T  INDICATES TRACE AMOUNT.




$$
