000
CDUS45 KPIH 260732
CLIBYI


CLIMATE REPORT
NATIONAL WEATHER SERVICE POCATELLO ID
132 AM MDT THU APR 26 2018


...................................

...THE BURLEY ID CLIMATE SUMMARY FOR APRIL 25 2018...

CLIMATE NORMAL PERIOD 1981 TO 2010
CLIMATE RECORD PERIOD 1948 TO 2018


WEATHER ITEM   OBSERVED TIME   RECORD YEAR NORMAL DEPARTURE LAST
                VALUE   (LST)  VALUE       VALUE  FROM      YEAR
                                                  NORMAL
..................................................................
TEMPERATURE (F)
 YESTERDAY
  MAXIMUM         70    328 PM  85    1977  61      9       55
  MINIMUM         30    421 AM  26    2009  36     -6       38
  AVERAGE         50                        48      2       47

PRECIPITATION (IN)
  YESTERDAY        0.00          0.76 1971   0.05  -0.05      T
  MONTH TO DATE    0.54                      0.86  -0.32     1.62
  SINCE OCT 1      5.49                      6.40  -0.91    10.94
  SINCE JAN 1      3.87                      3.57   0.30     6.15

SNOWFALL (IN)
  YESTERDAY       MM
  MONTH TO DATE   MM
  SINCE MAR 1     MM
  SINCE JUL 1     MM
  SNOW DEPTH      MM

DEGREE DAYS
 HEATING
  YESTERDAY       15                        17     -2       18
  MONTH TO DATE  425                       489    -64      467
  SINCE MAR 1   1221                      1286    -65     1047
  SINCE JUL 1   5572                      6308   -736     5853

 COOLING
  YESTERDAY        0                         0      0        0
  MONTH TO DATE    0                         0      0        0
  SINCE MAR 1      0                         0      0        0
  SINCE JAN 1      0                         0      0        0
..................................................................


WIND (MPH)
  HIGHEST WIND SPEED    21   HIGHEST WIND DIRECTION     W (260)
  HIGHEST GUST SPEED    30   HIGHEST GUST DIRECTION     W (280)
  AVERAGE WIND SPEED     8.2


SKY COVER
  POSSIBLE SUNSHINE  MM
  AVERAGE SKY COVER 0.0


WEATHER CONDITIONS
 THE FOLLOWING WEATHER WAS RECORDED YESTERDAY.
  NO SIGNIFICANT WEATHER WAS OBSERVED.


RELATIVE HUMIDITY (PERCENT)
 HIGHEST    89           300 AM
 LOWEST     17           300 PM
 AVERAGE    53

..........................................................


THE BURLEY ID CLIMATE NORMALS FOR TODAY
                         NORMAL    RECORD    YEAR
 MAXIMUM TEMPERATURE (F)   61        87      1992
 MINIMUM TEMPERATURE (F)   36        22      2008


SUNRISE AND SUNSET
APRIL 26 2018.........SUNRISE   637 AM MDT   SUNSET   830 PM MDT
APRIL 27 2018.........SUNRISE   635 AM MDT   SUNSET   831 PM MDT


-  INDICATES NEGATIVE NUMBERS.
R  INDICATES RECORD WAS SET OR TIED.
MM INDICATES DATA IS MISSING.
T  INDICATES TRACE AMOUNT.




$$
