000
CDUS45 KTFX 220845
CLIBZN


CLIMATE REPORT
NATIONAL WEATHER SERVICE GREAT FALLS MT
244 AM MDT SUN APR 22 2018


...................................

...THE BOZEMAN/GALLATIN FIELD MT CLIMATE SUMMARY FOR APRIL 21 2018...

CLIMATE NORMAL PERIOD 1981 TO 2010
CLIMATE RECORD PERIOD 1935 TO 2018


WEATHER ITEM   OBSERVED TIME   RECORD YEAR NORMAL DEPARTURE LAST
                VALUE   (LST)  VALUE       VALUE  FROM      YEAR
                                                  NORMAL
..................................................................
TEMPERATURE (F)
 YESTERDAY
  MAXIMUM         72    432 PM  82    1994  61     11       44
  MINIMUM         29    558 AM  15    2008  32     -3       33
                                      1951
  AVERAGE         51                        46      5       39

PRECIPITATION (IN)
  YESTERDAY        0.00          0.34 1978   0.05  -0.05     0.06
  MONTH TO DATE    1.85                      1.06   0.79     1.35
  SINCE OCT 1      7.54                      5.29   2.25     6.53
  SINCE JAN 1      4.56                      2.91   1.65     3.20

SNOWFALL (IN)
  YESTERDAY        0.0           1.0  1978   0.2   -0.2       T
  MONTH TO DATE    8.7                       5.8    2.9      2.5
  SINCE MAR 1     15.3                      13.5    1.8      4.3
  SINCE JUL 1     67.6                      35.8   31.8     43.5
  SNOW DEPTH       0

DEGREE DAYS
 HEATING
  YESTERDAY       14                        19     -5       26
  MONTH TO DATE  571                       444    127      471
  SINCE MAR 1   1615                      1328    287     1185
  SINCE JUL 1   7935                      6908   1027     7378

 COOLING
  YESTERDAY        0                         0      0        0
  MONTH TO DATE    0                         0      0        0
  SINCE MAR 1      0                         0      0        0
  SINCE JAN 1      0                         0      0        0
..................................................................


WIND (MPH)
  HIGHEST WIND SPEED    22   HIGHEST WIND DIRECTION     N (350)
  HIGHEST GUST SPEED    28   HIGHEST GUST DIRECTION     W (260)
  AVERAGE WIND SPEED     7.5


SKY COVER
  AVERAGE SKY COVER 0.0


WEATHER CONDITIONS
 THE FOLLOWING WEATHER WAS RECORDED YESTERDAY.
  NO SIGNIFICANT WEATHER WAS OBSERVED.


RELATIVE HUMIDITY (PERCENT)
 HIGHEST    85
 LOWEST     19
 AVERAGE    52

..........................................................


THE BOZEMAN/GALLATIN FIELD MT CLIMATE NORMALS FOR TODAY
                         NORMAL    RECORD    YEAR
 MAXIMUM TEMPERATURE (F)   61        80      2012
                                             2009
 MINIMUM TEMPERATURE (F)   32        16      2011


SUNRISE AND SUNSET
APRIL 22 2018.........SUNRISE   626 AM MDT   SUNSET   821 PM MDT
APRIL 23 2018.........SUNRISE   625 AM MDT   SUNSET   822 PM MDT


-  INDICATES NEGATIVE NUMBERS.
R  INDICATES RECORD WAS SET OR TIED.
MM INDICATES DATA IS MISSING.
T  INDICATES TRACE AMOUNT.




$$
