000
CDUS45 KABQ 210831
CLICAO


CLIMATE REPORT
NATIONAL WEATHER SERVICE ALBUQUERQUE NM
230 AM MDT MON MAY 21 2018


...................................

...THE CLAYTON  NM CLIMATE SUMMARY FOR MAY 20 2018...

CLIMATE NORMAL PERIOD 1981 TO 2010
CLIMATE RECORD PERIOD 1896 TO 2018


WEATHER ITEM   OBSERVED TIME   RECORD YEAR NORMAL DEPARTURE
                VALUE   (LST)  VALUE       VALUE  FROM
                                                  NORMAL
...............................................................
TEMPERATURE (F)
 YESTERDAY
  MAXIMUM         67    326 PM  93    2006  77    -10
                                      1925
  MINIMUM         43    501 AM  29    1915  49     -6
  AVERAGE         55                        63     -8

PRECIPITATION (IN)
  YESTERDAY        T             2.11 1983   0.06  -0.06
  MONTH TO DATE    0.33                      1.10  -0.77
  SINCE MAR 1      1.41                      2.99  -1.58
  SINCE JAN 1      1.44                      3.61  -2.17

SNOWFALL (IN)
  YESTERDAY       MM
  MONTH TO DATE    0.0
  SINCE MAR 1      T
  SINCE JUL 1      0.8

DEGREE DAYS
 HEATING
  YESTERDAY       10                         4      6
  MONTH TO DATE   46                       121    -75
  SINCE MAR 1   1062                      1150    -88
  SINCE JUL 1   4442                      4827   -385

 COOLING
  YESTERDAY        0                         2     -2
  MONTH TO DATE   64                        21     43
  SINCE MAR 1     72                        27     45
  SINCE JAN 1     72                        27     45
...............................................................


WIND (MPH)
  HIGHEST WIND SPEED    23   HIGHEST WIND DIRECTION     N (360)
  HIGHEST GUST SPEED    31   HIGHEST GUST DIRECTION     N (360)
  AVERAGE WIND SPEED    11.0


SKY COVER
  AVERAGE SKY COVER 0.2


WEATHER CONDITIONS
 THE FOLLOWING WEATHER WAS RECORDED YESTERDAY.
  NO SIGNIFICANT WEATHER WAS OBSERVED.


RELATIVE HUMIDITY (PERCENT)
 HIGHEST   100           400 AM
 LOWEST     48           300 PM
 AVERAGE    74

..........................................................


THE CLAYTON  NM CLIMATE NORMALS FOR TODAY
                         NORMAL    RECORD    YEAR
 MAXIMUM TEMPERATURE (F)   77        94      2006
                                             2005
 MINIMUM TEMPERATURE (F)   49        30      1931


SUNRISE AND SUNSET
MAY 21 2018...........SUNRISE   541 AM MDT   SUNSET   757 PM MDT
MAY 22 2018...........SUNRISE   541 AM MDT   SUNSET   758 PM MDT


-  INDICATES NEGATIVE NUMBERS.
R  INDICATES RECORD WAS SET OR TIED.
MM INDICATES DATA IS MISSING.
T  INDICATES TRACE AMOUNT.




$$
