000
CDAK48 PAFC 191257
CLICDB


CLIMATE REPORT
NATIONAL WEATHER SERVICE ANCHORAGE, AK
457 AM AKDT THU APR 19 2018


...................................

...THE COLD BAY CLIMATE SUMMARY FOR APRIL 18 2018...

CLIMATE NORMAL PERIOD 1981 TO 2010
CLIMATE RECORD PERIOD 1942 TO 2018


WEATHER ITEM   OBSERVED TIME   RECORD YEAR NORMAL DEPARTURE LAST
                VALUE   (LST)  VALUE       VALUE  FROM      YEAR
                                                  NORMAL
..................................................................
TEMPERATURE (F)
 YESTERDAY
  MAXIMUM         42    357 PM  55    1965  39      3       35
  MINIMUM         36   1159 PM  14    1948  30      6       32
  AVERAGE         39                        34      5       34

PRECIPITATION (IN)
  YESTERDAY        0.05          0.31 2010   0.08  -0.03      T
  MONTH TO DATE    2.48                      1.47   1.01     0.81
  SINCE MAR 1      5.10                      4.17   0.93     0.85
  SINCE JAN 1     10.95                     10.31   0.64     7.83

SNOWFALL (IN)
  YESTERDAY        0.0           3.1  2010   0.2   -0.2       T
  MONTH TO DATE    T                         4.8   -4.8      2.6
  SINCE MAR 1      6.2                      17.8  -11.6      2.9
  SINCE JUL 1     41.4                      70.0  -28.6     39.5
  SNOW DEPTH       0

DEGREE DAYS
 HEATING
  YESTERDAY       26                        31     -5       31
  MONTH TO DATE  503                       581    -78      561
  SINCE MAR 1   1427                      1663   -236     1757
  SINCE JUL 1   6970                      7881   -911     7317

 COOLING
  YESTERDAY        0                         0      0        0
  MONTH TO DATE    0                         0      0        0
  SINCE MAR 1      0                         0      0        0
  SINCE JAN 1      0                         0      0        0
..................................................................


WIND (MPH)
  RESULTANT WIND SPEED  16   RESULTANT WIND DIRECTION  SE (150)
  HIGHEST WIND SPEED    29   HIGHEST WIND DIRECTION     S (160)
  HIGHEST GUST SPEED    34   HIGHEST GUST DIRECTION     S (160)
  AVERAGE WIND SPEED    17.7



WEATHER CONDITIONS
 THE FOLLOWING WEATHER WAS RECORDED YESTERDAY.
  LIGHT RAIN
  FOG


RELATIVE HUMIDITY (PERCENT)
 HIGHEST   100
 LOWEST     79
 AVERAGE    90

..........................................................


THE COLD BAY CLIMATE NORMALS FOR TODAY
                         NORMAL    RECORD    YEAR
 MAXIMUM TEMPERATURE (F)   40        47      2013
                                             2002
                                             1997
 MINIMUM TEMPERATURE (F)   30        16      1960


SUNRISE AND SUNSET
APRIL 19 2018.........SUNRISE   737 AM AKDT  SUNSET  1004 PM AKDT
APRIL 20 2018.........SUNRISE   735 AM AKDT  SUNSET  1006 PM AKDT


-  INDICATES NEGATIVE NUMBERS.
R  INDICATES RECORD WAS SET OR TIED.
MM INDICATES DATA IS MISSING.
T  INDICATES TRACE AMOUNT.




$$
