000
CDUS42 KCHS 212106
CLICHS


CLIMATE REPORT
NATIONAL WEATHER SERVICE CHARLESTON SC
506 PM EDT SAT APR 21 2018


...................................

...THE NORTH CHARLESTON SC CLIMATE SUMMARY FOR APRIL 21 2018...
VALID TODAY AS OF 0500 PM LOCAL TIME.

CLIMATE NORMAL PERIOD 1981 TO 2010
CLIMATE RECORD PERIOD 1938 TO 2018


WEATHER ITEM   OBSERVED TIME   RECORD YEAR NORMAL DEPARTURE LAST
                VALUE   (LST)  VALUE       VALUE  FROM      YEAR
                                                  NORMAL
..................................................................
TEMPERATURE (F)
 TODAY
  MAXIMUM         72    156 PM  94    2002  78     -6       86
  MINIMUM         45    422 AM  34    1953  55    -10       63
  AVERAGE         59                        66     -7       75

PRECIPITATION (IN)
  TODAY            0.00          1.29 1992   0.10  -0.10     0.00
  MONTH TO DATE    1.49                      2.05  -0.56     4.40
  SINCE MAR 1      3.72                      5.76  -2.04     5.42
  SINCE JAN 1      7.89                     12.43  -4.54     9.60

SNOWFALL (IN)
  TODAY            0.0                       0.0    0.0
  SINCE MAR 1      0.0                       0.0    0.0
  SINCE JUL 1      5.3                       0.5    4.8

DEGREE DAYS
 HEATING
  TODAY            6                         2      4        0
  MONTH TO DATE   97                        74     23       23
  SINCE MAR 1    371                       313     58      257
  SINCE JUL 1   1819                      1949   -130     1225

 COOLING
  TODAY            0                         3     -3       10
  MONTH TO DATE   47                        49     -2       91
  SINCE MAR 1     69                        76     -7      150
  SINCE JAN 1    131                        83     48      185
..................................................................


WIND (MPH)
  HIGHEST WIND SPEED    20   HIGHEST WIND DIRECTION     E (90)
  HIGHEST GUST SPEED    26   HIGHEST GUST DIRECTION    SE (120)
  AVERAGE WIND SPEED     9.6


SKY COVER
  POSSIBLE SUNSHINE  MM
  AVERAGE SKY COVER 0.2


WEATHER CONDITIONS
 THE FOLLOWING WEATHER WAS RECORDED TODAY.
  NO SIGNIFICANT WEATHER WAS OBSERVED.


RELATIVE HUMIDITY (PERCENT)
 HIGHEST    86           300 AM
 LOWEST     44          1200 PM
 AVERAGE    65

..........................................................


THE NORTH CHARLESTON SC CLIMATE NORMALS FOR TOMORROW
                         NORMAL    RECORD    YEAR
 MAXIMUM TEMPERATURE (F)   78        91      2002
                                             1988
 MINIMUM TEMPERATURE (F)   55        37      1950


SUNRISE AND SUNSET
APRIL 21 2018.........SUNRISE   643 AM EDT   SUNSET   755 PM EDT
APRIL 22 2018.........SUNRISE   642 AM EDT   SUNSET   755 PM EDT


-  INDICATES NEGATIVE NUMBERS.
R  INDICATES RECORD WAS SET OR TIED.
MM INDICATES DATA IS MISSING.
T  INDICATES TRACE AMOUNT.




$$
