000
CDUS43 KTOP 212132
CLICNK


CLIMATE REPORT
NATIONAL WEATHER SERVICE TOPEKA KS
431 PM CDT MON MAY 21 2018


...................................

...THE CONCORDIA KS CLIMATE SUMMARY FOR MAY 21 2018...
VALID TODAY AS OF 0400 PM LOCAL TIME.

CLIMATE NORMAL PERIOD 1981 TO 2010
CLIMATE RECORD PERIOD 1885 TO 2018


WEATHER ITEM   OBSERVED TIME   RECORD YEAR NORMAL DEPARTURE LAST
                VALUE   (LST)  VALUE       VALUE  FROM      YEAR
                                                  NORMAL
..................................................................
TEMPERATURE (F)
 TODAY
  MAXIMUM         76    254 PM  96    2005  76      0       72
  MINIMUM         53    108 AM  36    1968  54     -1       38
                                      1892
  AVERAGE         65                        65      0       55

PRECIPITATION (IN)
  TODAY            0.00          2.14 1989   0.15  -0.15     0.00
  MONTH TO DATE    3.64                      2.73   0.91     6.59
  SINCE MAR 1      5.21                      7.19  -1.98    15.12
  SINCE JAN 1      6.20                      8.56  -2.36    16.97

SNOWFALL (IN)
  TODAY            0.0           T    1952   0.0    0.0      0.0
  MONTH TO DATE    0.0                       0.0    0.0       T
  SINCE JAN 1      9.8                      13.7   -3.9      2.1
  SINCE JUL 1     11.6                      20.2   -8.6      4.3
  SNOW DEPTH       0

DEGREE DAYS
 HEATING
  TODAY            0                         3     -3       10
  MONTH TO DATE    8                       108   -100      120
  SINCE MAR 1   1221                      1165     56     1037
  SINCE JUL 1   5306                      5372    -66     4538

 COOLING
  TODAY            0                         3     -3        0
  MONTH TO DATE   83                        34     49       50
  SINCE MAR 1     92                        51     41       69
  SINCE JAN 1     92                        51     41       69
..................................................................


WIND (MPH)
  HIGHEST WIND SPEED    12   HIGHEST WIND DIRECTION     S (200)
  HIGHEST GUST SPEED    16   HIGHEST GUST DIRECTION    SW (220)
  AVERAGE WIND SPEED     5.4



WEATHER CONDITIONS
 THE FOLLOWING WEATHER WAS RECORDED TODAY.
  NO SIGNIFICANT WEATHER WAS OBSERVED.


RELATIVE HUMIDITY (PERCENT)
 HIGHEST    93          1200 AM
 LOWEST     53           100 PM
 AVERAGE    73

..........................................................


THE CONCORDIA KS CLIMATE NORMALS FOR TOMORROW
                         NORMAL    RECORD    YEAR
 MAXIMUM TEMPERATURE (F)   76        94      1966
 MINIMUM TEMPERATURE (F)   54        35      1963


SUNRISE AND SUNSET
MAY 21 2018...........SUNRISE   612 AM CDT   SUNSET   843 PM CDT
MAY 22 2018...........SUNRISE   611 AM CDT   SUNSET   844 PM CDT


-  INDICATES NEGATIVE NUMBERS.
R  INDICATES RECORD WAS SET OR TIED.
MM INDICATES DATA IS MISSING.
T  INDICATES TRACE AMOUNT.




$$
