000
CDUS42 KILM 232044
CLICRE


CLIMATE REPORT
NATIONAL WEATHER SERVICE WILMINGTON NC
443 PM EDT SAT JUN 23 2018


...................................

...THE N.MYRTLE BEACH SOUTH CAROLINA CLIMATE SUMMARY FOR JUNE 23 2018...
VALID TODAY AS OF 0400 PM LOCAL TIME.

CLIMATE NORMAL PERIOD 1981 TO 2010
CLIMATE RECORD PERIOD 1949 TO 2018


WEATHER ITEM   OBSERVED TIME   RECORD YEAR NORMAL DEPARTURE LAST
                VALUE   (LST)  VALUE       VALUE  FROM      YEAR
                                                  NORMAL
..................................................................
TEMPERATURE (F)
 TODAY
  MAXIMUM         87   1248 PM  97    1991  86      1       86
  MINIMUM         78    541 AM  60    1992  71      7       79
  AVERAGE         83                        79      4       83

PRECIPITATION (IN)
  TODAY            T             1.42 2008   0.15  -0.15     0.00
  MONTH TO DATE    4.80                      3.51   1.29     2.84
  SINCE JUN 1      4.80                      3.51   1.29     2.84
  SINCE JAN 1     23.22                     20.91   2.31    16.05

DEGREE DAYS
 HEATING
  TODAY            0                         0      0        0
  MONTH TO DATE    0                         0      0        3
  SINCE JUN 1      0                         0      0        3
  SINCE JUL 1   2338                      2447   -109     1809

 COOLING
  TODAY           18                        14      4       18
  MONTH TO DATE  340                       258     82      266
  SINCE JUN 1    340                       258     82      266
  SINCE JAN 1    655                       470    185      629
..................................................................


WIND (MPH)
  RESULTANT WIND SPEED  11   RESULTANT WIND DIRECTION  SW (210)
  HIGHEST WIND SPEED    22   HIGHEST WIND DIRECTION     S (200)
  HIGHEST GUST SPEED    28   HIGHEST GUST DIRECTION    SW (210)
  AVERAGE WIND SPEED    11.8


SKY COVER
  POSSIBLE SUNSHINE  MM
  AVERAGE SKY COVER 0.1


WEATHER CONDITIONS
 THE FOLLOWING WEATHER WAS RECORDED TODAY.
  NO SIGNIFICANT WEATHER WAS OBSERVED.


RELATIVE HUMIDITY (PERCENT)
 HIGHEST    94          1200 AM
 LOWEST     72          1100 AM
 AVERAGE    83

..........................................................


THE N.MYRTLE BEACH SOUTH CAROLINA CLIMATE NORMALS FOR TOMORROW
                         NORMAL    RECORD    YEAR
 MAXIMUM TEMPERATURE (F)   86        99      1950
 MINIMUM TEMPERATURE (F)   71        62      1992


SUNRISE AND SUNSET
JUNE 23 2018..........SUNRISE   605 AM EDT   SUNSET   829 PM EDT
JUNE 24 2018..........SUNRISE   605 AM EDT   SUNSET   829 PM EDT


-  INDICATES NEGATIVE NUMBERS.
R  INDICATES RECORD WAS SET OR TIED.
MM INDICATES DATA IS MISSING.
T  INDICATES TRACE AMOUNT.




$$

21
