000
CDUS42 KFFC 200819
CLICSG


CLIMATE REPORT
NATIONAL WEATHER SERVICE PEACHTREE CITY GA
418 AM EDT FRI APR 20 2018


...................................

...THE COLUMBUS CLIMATE SUMMARY FOR APRIL 19 2018...

CLIMATE NORMAL PERIOD 1981 TO 2010
CLIMATE RECORD PERIOD 1948 TO 2018


WEATHER ITEM   OBSERVED TIME   RECORD YEAR NORMAL DEPARTURE LAST
                VALUE   (LST)  VALUE       VALUE  FROM      YEAR
                                                  NORMAL
..................................................................
TEMPERATURE (F)
 YESTERDAY
  MAXIMUM         79    345 PM  93    1927  78      1       84
  MINIMUM         53   1159 PM  33    1983  53      0       66
  AVERAGE         66                        65      1       75

PRECIPITATION (IN)
  YESTERDAY        0.00          2.12 1944   0.12  -0.12     0.39
  MONTH TO DATE    2.56                      2.38   0.18     1.67
  SINCE MAR 1      5.71                      7.84  -2.13     3.20
  SINCE JAN 1     10.87                     16.13  -5.26    17.46

DEGREE DAYS
 HEATING
  YESTERDAY        0                         2     -2        0
  MONTH TO DATE   72                        73     -1       20
  SINCE MAR 1    324                       319      5      223
  SINCE JUL 1   1781                      2096   -315     1353

 COOLING
  YESTERDAY        1                         3     -2       10
  MONTH TO DATE   27                        39    -12       91
  SINCE MAR 1     52                        62    -10      161
  SINCE JAN 1    124                        66     58      178
..................................................................


WIND (MPH)
  HIGHEST WIND SPEED    22   HIGHEST WIND DIRECTION    NW (310)
  HIGHEST GUST SPEED    30   HIGHEST GUST DIRECTION    NW (320)
  AVERAGE WIND SPEED    10.4


SKY COVER
  AVERAGE SKY COVER 0.1


WEATHER CONDITIONS
 THE FOLLOWING WEATHER WAS RECORDED YESTERDAY.
  NO SIGNIFICANT WEATHER WAS OBSERVED.


RELATIVE HUMIDITY (PERCENT)
 HIGHEST    90           400 AM
 LOWEST     21           300 PM
 AVERAGE    56

..........................................................


THE COLUMBUS CLIMATE NORMALS FOR TODAY
                         NORMAL    RECORD    YEAR
 MAXIMUM TEMPERATURE (F)   78        92      1927
 MINIMUM TEMPERATURE (F)   54        35      1953


SUNRISE AND SUNSET
APRIL 20 2018.........SUNRISE   705 AM EDT   SUNSET   813 PM EDT
APRIL 21 2018.........SUNRISE   703 AM EDT   SUNSET   814 PM EDT


-  INDICATES NEGATIVE NUMBERS.
R  INDICATES RECORD WAS SET OR TIED.
MM INDICATES DATA IS MISSING.
T  INDICATES TRACE AMOUNT.




$$
