000
CDUS45 KBOU 210736
CLIDEN


CLIMATE REPORT
NATIONAL WEATHER SERVICE DENVER/BOULDER CO
134 AM MDT SAT APR 21 2018


...................................

...THE DENVER CO CLIMATE SUMMARY FOR APRIL 20 2018...

CLIMATE NORMAL PERIOD 1981 TO 2010
CLIMATE RECORD PERIOD 1872 TO 2018


WEATHER ITEM   OBSERVED TIME   RECORD YEAR NORMAL DEPARTURE LAST
                VALUE   (LST)  VALUE       VALUE  FROM      YEAR
                                                  NORMAL
..................................................................
TEMPERATURE (F)
 YESTERDAY
  MAXIMUM         60   1202 PM  83    1989  62     -2       64
                                      1962
  MINIMUM         33   1159 PM  13    1966  34     -1       32
  AVERAGE         47                        48     -1       48

PRECIPITATION (IN)
  YESTERDAY        0.13          0.95 1984   0.07   0.06     0.11
                                      1929
  MONTH TO DATE    0.42                      1.02  -0.60     0.42
  SINCE MAR 1      1.44                      1.94  -0.50     1.32
  SINCE JAN 1      2.29                      2.72  -0.43     2.09

SNOWFALL (IN)
  YESTERDAY        T
  MONTH TO DATE    T
  SINCE MAR 1      4.8
  SINCE JUL 1     24.2
  SNOW DEPTH       0

DEGREE DAYS
 HEATING
  YESTERDAY       18                        17      1       17
  MONTH TO DATE  371                       378     -7      278
  SINCE MAR 1   1055                      1141    -86      801
  SINCE JUL 1   5112                      5580   -468     4603

 COOLING
  YESTERDAY        0                         0      0        0
  MONTH TO DATE    0                         0      0        0
  SINCE MAR 1      0                         0      0        0
  SINCE JAN 1      0                         0      0        0
..................................................................


WIND (MPH)
  HIGHEST WIND SPEED    35   HIGHEST WIND DIRECTION    SE (140)
  HIGHEST GUST SPEED    44   HIGHEST GUST DIRECTION    SE (140)
  AVERAGE WIND SPEED    16.8


SKY COVER
  POSSIBLE SUNSHINE  MM
  AVERAGE SKY COVER 0.8


WEATHER CONDITIONS
 THE FOLLOWING WEATHER WAS RECORDED YESTERDAY.
  RAIN
  LIGHT RAIN
  LIGHT SNOW
  SLEET
  FOG
  HAZE


RELATIVE HUMIDITY (PERCENT)
 HIGHEST   100          1100 PM
 LOWEST     32           900 AM
 AVERAGE    66

..........................................................


THE DENVER CO CLIMATE NORMALS FOR TODAY
                         NORMAL    RECORD    YEAR
 MAXIMUM TEMPERATURE (F)   63        89      1989
 MINIMUM TEMPERATURE (F)   35        14      1907


SUNRISE AND SUNSET
APRIL 21 2018.........SUNRISE   612 AM MDT   SUNSET   743 PM MDT
APRIL 22 2018.........SUNRISE   611 AM MDT   SUNSET   744 PM MDT


-  INDICATES NEGATIVE NUMBERS.
R  INDICATES RECORD WAS SET OR TIED.
MM INDICATES DATA IS MISSING.
T  INDICATES TRACE AMOUNT.




$$
