000
CDUS44 KSHV 230742
CLIDEQ


CLIMATE REPORT
NATIONAL WEATHER SERVICE SHREVEPORT, LA
241 AM CDT WED MAY 23 2018


...................................

...THE DE QUEEN CLIMATE SUMMARY FOR MAY 22 2018...

CLIMATE NORMAL PERIOD 1981 TO 2010
CLIMATE RECORD PERIOD 1902 TO 2018


WEATHER ITEM   OBSERVED TIME   RECORD YEAR NORMAL DEPARTURE LAST
                VALUE   (LST)  VALUE       VALUE  FROM      YEAR
                                                  NORMAL
..................................................................
TEMPERATURE (F)
 YESTERDAY
  MAXIMUM         90    133 PM  93    2005  82      8       78
  MINIMUM         67    532 AM  44    1981  61      6       59
  AVERAGE         79                        71      8       69

PRECIPITATION (IN)
  YESTERDAY        T             1.60 1984   0.15  -0.15      T
  MONTH TO DATE    0.49                      4.36  -3.87     2.58
  SINCE DEC 1     29.19                     24.29   4.90    21.83
  SINCE JAN 1     23.94                     19.93   4.01    19.12

SNOWFALL (IN)
  YESTERDAY        0.0
  MONTH TO DATE    0.0
  SINCE MAR 1      0.0
  SINCE JUL 1      0.1
  SNOW DEPTH       0

DEGREE DAYS
 HEATING
  YESTERDAY        0                         0      0        0
  MONTH TO DATE    0                        21    -21       19
  SINCE MAR 1    503                       551    -48      327
  SINCE JUL 1   2877                      3042   -165     2096

 COOLING
  YESTERDAY       14                         7      7        4
  MONTH TO DATE  204                       100    104      101
  SINCE MAR 1    222                       145     77      198
  SINCE JAN 1    224                       147     77      208
..................................................................


WIND (MPH)
  HIGHEST WIND SPEED    14   HIGHEST WIND DIRECTION    NE (40)
  HIGHEST GUST SPEED    19   HIGHEST GUST DIRECTION    NE (60)
  AVERAGE WIND SPEED     3.4


SKY COVER
  POSSIBLE SUNSHINE  MM
  AVERAGE SKY COVER 0.2


WEATHER CONDITIONS
 THE FOLLOWING WEATHER WAS RECORDED YESTERDAY.
  THUNDERSTORM
  LIGHT RAIN
  FOG
  FOG W/VISIBILITY <= 1/4 MILE


RELATIVE HUMIDITY (PERCENT)
 HIGHEST   100           300 AM
 LOWEST     55           200 PM
 AVERAGE    78

..........................................................


THE DE QUEEN CLIMATE NORMALS FOR TODAY
                         NORMAL    RECORD    YEAR
 MAXIMUM TEMPERATURE (F)   82        92      1958
 MINIMUM TEMPERATURE (F)   61        43      1963


SUNRISE AND SUNSET
MAY 23 2018...........SUNRISE   611 AM CDT   SUNSET   818 PM CDT
MAY 24 2018...........SUNRISE   610 AM CDT   SUNSET   819 PM CDT


-  INDICATES NEGATIVE NUMBERS.
R  INDICATES RECORD WAS SET OR TIED.
MM INDICATES DATA IS MISSING.
T  INDICATES TRACE AMOUNT.




$$
