612
CDUS44 KTAE 240634
CLIDHN


CLIMATE REPORT
NATIONAL WEATHER SERVICE TALLAHASSEE FL
233 AM EDT TUE APR 24 2018


...................................

...THE DOTHAN CLIMATE SUMMARY FOR APRIL 23 2018...

CLIMATE NORMAL PERIOD 1981 TO 2010
CLIMATE RECORD PERIOD 1965 TO 2018


WEATHER ITEM   OBSERVED TIME   NORMAL DEPARTURE LAST
                VALUE   (LST)  VALUE  FROM      YEAR
                                      NORMAL
......................................................
TEMPERATURE (F)
 YESTERDAY
  MAXIMUM         82    319 PM  80      2       76
  MINIMUM         62   1159 PM  55      7       57
  AVERAGE         72            68      4       67

PRECIPITATION (IN)
  YESTERDAY        T             0.10  -0.10     0.48
  MONTH TO DATE    3.82          2.97   0.85     1.55
  SINCE MAR 1      7.40          8.85  -1.45     3.08
  SINCE JAN 1     17.83         18.25  -0.42    22.67

SNOWFALL (IN)
  YESTERDAY        0.0

DEGREE DAYS
 HEATING
  YESTERDAY        0             1     -1        0
  MONTH TO DATE   61            63     -2       19
  SINCE MAR 1    278           274      4      190
  SINCE JUL 1   1559          1833   -274     1049

 COOLING
  YESTERDAY        7             4      3        2
  MONTH TO DATE   52            56     -4      128
  SINCE MAR 1     87            77     10      204
  SINCE JAN 1    165            87     78      242
......................................................


WIND (MPH)
  HIGHEST WIND SPEED    21   HIGHEST WIND DIRECTION    SW (210)
  HIGHEST GUST SPEED    28   HIGHEST GUST DIRECTION    SW (220)
  AVERAGE WIND SPEED     9.9








-  INDICATES NEGATIVE NUMBERS.
R  INDICATES RECORD WAS SET OR TIED.
MM INDICATES DATA IS MISSING.
T  INDICATES TRACE AMOUNT.




$$
