000
CDUS43 KBIS 200723
CLIDIK


CLIMATE REPORT
NATIONAL WEATHER SERVICE BISMARCK ND
223 AM CDT FRI APR 20 2018


...................................

...THE DICKINSON ND CLIMATE SUMMARY FOR APRIL 19 2018...

CLIMATE NORMAL PERIOD 1981 TO 2010
CLIMATE RECORD PERIOD 1893 TO 2018


WEATHER ITEM   OBSERVED TIME   RECORD YEAR NORMAL DEPARTURE LAST
                VALUE   (LST)  VALUE       VALUE  FROM      YEAR
                                                  NORMAL
..................................................................
TEMPERATURE (F)
 YESTERDAY
  MAXIMUM         59    255 PM  88    1926  57      2       45
  MINIMUM         22    155 AM   9    2002  30     -8       35
  AVERAGE         41                        44     -3       40

PRECIPITATION (IN)
  YESTERDAY        0.00          1.95 1916   0.05  -0.05     0.31
  MONTH TO DATE    0.46                      0.82  -0.36     0.49
  SINCE MAR 1      1.17                      1.51  -0.34     0.83
  SINCE JAN 1      1.35                      2.14  -0.79     1.14

DEGREE DAYS
 HEATING
  YESTERDAY       24                        21      3       25
  MONTH TO DATE  716                       472    244      421
  SINCE MAR 1   1877                      1558    319     1434
  SINCE JUL 1   8395                      7852    543     7564

 COOLING
  YESTERDAY        0                         0      0        0
  MONTH TO DATE    0                         0      0        0
  SINCE MAR 1      0                         0      0        0
  SINCE JAN 1      0                         0      0        0
..................................................................


WIND (MPH)
  HIGHEST WIND SPEED    18   HIGHEST WIND DIRECTION     E (110)
  HIGHEST GUST SPEED    25   HIGHEST GUST DIRECTION     S (170)
  AVERAGE WIND SPEED     7.2


SKY COVER
  POSSIBLE SUNSHINE  MM
  AVERAGE SKY COVER 0.4


WEATHER CONDITIONS
 THE FOLLOWING WEATHER WAS RECORDED YESTERDAY.
  LIGHT SNOW
  FOG
  FOG W/VISIBILITY <= 1/4 MILE


RELATIVE HUMIDITY (PERCENT)
 HIGHEST    93           900 AM
 LOWEST     30           200 PM
 AVERAGE    62

..........................................................


THE DICKINSON ND CLIMATE NORMALS FOR TODAY
                         NORMAL    RECORD    YEAR
 MAXIMUM TEMPERATURE (F)   58        92      1980
 MINIMUM TEMPERATURE (F)   31        11      2011


SUNRISE AND SUNSET
APRIL 20 2018.........SUNRISE   555 AM MDT   SUNSET   746 PM MDT
APRIL 21 2018.........SUNRISE   553 AM MDT   SUNSET   748 PM MDT


-  INDICATES NEGATIVE NUMBERS.
R  INDICATES RECORD WAS SET OR TIED.
MM INDICATES DATA IS MISSING.
T  INDICATES TRACE AMOUNT.




$$
