000
CDUS43 KDLH 270630
CLIDLH


CLIMATE REPORT
NATIONAL WEATHER SERVICE DULUTH MN
129 AM CDT FRI APR 27 2018


...................................

...THE DULUTH MN CLIMATE SUMMARY FOR APRIL 26 2018...

CLIMATE NORMAL PERIOD 1981 TO 2010
CLIMATE RECORD PERIOD 1870 TO 2018


WEATHER ITEM   OBSERVED TIME   RECORD YEAR NORMAL DEPARTURE LAST
                VALUE   (LST)  VALUE       VALUE  FROM      YEAR
                                                  NORMAL
..................................................................
TEMPERATURE (F)
 YESTERDAY
  MAXIMUM         57    239 PM  79    1952  55      2       36
  MINIMUM         33   1125 PM  20    1996  34     -1       25
                                      1950
  AVERAGE         45                        45      0       31

PRECIPITATION (IN)
  YESTERDAY        0.00          1.29 1994   0.09  -0.09     0.44
  MONTH TO DATE    1.03                      2.03  -1.00     3.02
  SINCE MAR 1      1.47                      3.52  -2.05     4.07
  SINCE JAN 1      3.83                      5.29  -1.46     7.03

SNOWFALL (IN)
  YESTERDAY        0.0           6.2  1893   0.2   -0.2      0.7
  MONTH TO DATE   18.3                       6.5   11.8      1.9
  SINCE MAR 1     23.4                      19.7    3.7      7.2
  SINCE JUL 1     91.7                      85.3    6.4     66.2
  SNOW DEPTH       0

DEGREE DAYS
 HEATING
  YESTERDAY       20                        20      0       34
  MONTH TO DATE  876                       684    192      563
  SINCE MAR 1   2073                      1894    179     1756
  SINCE JUL 1   9094                      8761    333     7446

 COOLING
  YESTERDAY        0                         0      0        0
  MONTH TO DATE    0                         0      0        0
  SINCE MAR 1      0                         0      0        0
  SINCE JAN 1      0                         0      0        0
..................................................................


WIND (MPH)
  HIGHEST WIND SPEED    23   HIGHEST WIND DIRECTION     N (350)
  HIGHEST GUST SPEED    29   HIGHEST GUST DIRECTION     N (350)
  AVERAGE WIND SPEED    10.5


SKY COVER
  AVERAGE SKY COVER 0.3


WEATHER CONDITIONS
 THE FOLLOWING WEATHER WAS RECORDED YESTERDAY.
  NO SIGNIFICANT WEATHER WAS OBSERVED.


RELATIVE HUMIDITY (PERCENT)
 HIGHEST    62           600 AM
 LOWEST     32           400 PM
 AVERAGE    47

..........................................................


THE DULUTH MN CLIMATE NORMALS FOR TODAY
                         NORMAL    RECORD    YEAR
 MAXIMUM TEMPERATURE (F)   55        88      1952
 MINIMUM TEMPERATURE (F)   35        18      1909


SUNRISE AND SUNSET
APRIL 27 2018.........SUNRISE   600 AM CDT   SUNSET   814 PM CDT
APRIL 28 2018.........SUNRISE   558 AM CDT   SUNSET   815 PM CDT


-  INDICATES NEGATIVE NUMBERS.
R  INDICATES RECORD WAS SET OR TIED.
MM INDICATES DATA IS MISSING.
T  INDICATES TRACE AMOUNT.




$$
