000
CDUS43 KEAX 240632
CLIDMO


CLIMATE REPORT
NATIONAL WEATHER SERVICE KANSAS CITY/PLEASANT HILL MO
132 AM CDT TUE APR 24 2018


...................................

...THE SEDALIA MO CLIMATE SUMMARY FOR APRIL 23 2018...

CLIMATE NORMAL PERIOD 1981 TO 2010
CLIMATE RECORD PERIOD 9999 TO 9999


WEATHER ITEM   OBSERVED TIME   NORMAL DEPARTURE LAST
                VALUE   (LST)  VALUE  FROM      YEAR
                                      NORMAL
......................................................
TEMPERATURE (F)
 YESTERDAY
  MAXIMUM         72    228 PM  70      2       73
  MINIMUM         53    657 AM  49      4       41
  AVERAGE         63            59      4       57

PRECIPITATION (IN)
  YESTERDAY        0.00          0.17  -0.17     0.00
  MONTH TO DATE    0.45          2.94  -2.49     2.61
  SINCE MAR 1      3.09          5.55  -2.46     5.91
  SINCE JAN 1      7.04          9.15  -2.11     7.33

DEGREE DAYS
 HEATING
  YESTERDAY        2             7     -5        8
  MONTH TO DATE  432           237    195      141
  SINCE MAR 1   1047           822    225      595
  SINCE JUL 1   4577          4439    138     3478

 COOLING
  YESTERDAY        0             1     -1        0
  MONTH TO DATE   15            22     -7       38
  SINCE MAR 1     15            25    -10       46
  SINCE JAN 1     15            25    -10       46
......................................................


WIND (MPH)
  HIGHEST WIND SPEED    21   HIGHEST WIND DIRECTION     N (360)
  HIGHEST GUST SPEED    27   HIGHEST GUST DIRECTION     N (20)
  AVERAGE WIND SPEED    11.2


SKY COVER
  AVERAGE SKY COVER 0.4


WEATHER CONDITIONS
 THE FOLLOWING WEATHER WAS RECORDED YESTERDAY.
  NO SIGNIFICANT WEATHER WAS OBSERVED.


RELATIVE HUMIDITY (PERCENT)
 HIGHEST    72           400 AM
 LOWEST     31           300 PM
 AVERAGE    52

..........................................................


THE SEDALIA MO CLIMATE NORMALS FOR TODAY
                         NORMAL
 MAXIMUM TEMPERATURE (F)   70
 MINIMUM TEMPERATURE (F)   49


SUNRISE AND SUNSET
APRIL 24 2018.........SUNRISE   624 AM CDT   SUNSET   758 PM CDT
APRIL 25 2018.........SUNRISE   622 AM CDT   SUNSET   759 PM CDT


-  INDICATES NEGATIVE NUMBERS.
R  INDICATES RECORD WAS SET OR TIED.
MM INDICATES DATA IS MISSING.
T  INDICATES TRACE AMOUNT.




$$
