000
CDUS42 KCAE 200629
CLIDNL


CLIMATE REPORT
NATIONAL WEATHER SERVICE COLUMBIA SC
229 AM EDT SUN MAY 20 2018


...................................

...THE AUGUSTA DANIEL FIELD GA CLIMATE SUMMARY FOR MAY 19 2018...

CLIMATE NORMAL PERIOD 1981 TO 2010
CLIMATE RECORD PERIOD 9999 TO 9999


WEATHER ITEM   OBSERVED TIME   NORMAL DEPARTURE LAST
                VALUE   (LST)  VALUE  FROM      YEAR
                                      NORMAL
......................................................
TEMPERATURE (F)
 YESTERDAY
  MAXIMUM         86    444 PM  84      2       90
  MINIMUM         69    126 AM  64      5       68
  AVERAGE         78            74      4       79

PRECIPITATION (IN)
  YESTERDAY        0.47          0.12   0.35     0.00
  MONTH TO DATE    3.12          1.60   1.52     0.96
  SINCE MAR 1      9.02          8.86   0.16     5.21
  SINCE JAN 1     13.47         17.10  -3.63    17.57

DEGREE DAYS
 HEATING
  YESTERDAY        0             0      0        0
  MONTH TO DATE    0             8     -8        6
  SINCE MAR 1    348           354     -6      238
  SINCE JUL 1   1771          2167   -396     1245

 COOLING
  YESTERDAY       13             9      4       14
  MONTH TO DATE  212           128     84      183
  SINCE MAR 1    285           225     60      464
  SINCE JAN 1    354           229    125      498
......................................................


WIND (MPH)
  HIGHEST WIND SPEED    18   HIGHEST WIND DIRECTION     S (180)
  HIGHEST GUST SPEED    24   HIGHEST GUST DIRECTION     S (180)
  AVERAGE WIND SPEED     5.8


SKY COVER
  AVERAGE SKY COVER 0.8


WEATHER CONDITIONS
 THE FOLLOWING WEATHER WAS RECORDED YESTERDAY.
  THUNDERSTORM
  HEAVY RAIN
  RAIN
  LIGHT RAIN
  FOG
  HAZE


RELATIVE HUMIDITY (PERCENT)
 HIGHEST   100           300 AM
 LOWEST     59           400 PM

..........................................................


THE AUGUSTA DANIEL FIELD GA CLIMATE NORMALS FOR TODAY
                         NORMAL    RECORD    YEAR
 MAXIMUM TEMPERATURE (F)   85        MM        MM
 MINIMUM TEMPERATURE (F)   64        MM        MM


SUNRISE AND SUNSET
MAY 20 2018...........SUNRISE   625 AM EDT   SUNSET   825 PM EDT
MAY 21 2018...........SUNRISE   624 AM EDT   SUNSET   826 PM EDT


-  INDICATES NEGATIVE NUMBERS.
R  INDICATES RECORD WAS SET OR TIED.
MM INDICATES DATA IS MISSING.
T  INDICATES TRACE AMOUNT.




$$
