000
CDUS43 KMPX 240638
CLIEAU


CLIMATE REPORT
NATIONAL WEATHER SERVICE CHANHASSEN MN
137 AM CDT TUE APR 24 2018


...................................

...THE EAU CLAIRE WI CLIMATE SUMMARY FOR APRIL 23 2018...

CLIMATE NORMAL PERIOD 1981 TO 2010
CLIMATE RECORD PERIOD 1893 TO 2018


WEATHER ITEM   OBSERVED TIME   RECORD YEAR NORMAL DEPARTURE LAST
                VALUE   (LST)  VALUE       VALUE  FROM      YEAR
                                                  NORMAL
..................................................................
TEMPERATURE (F)
 YESTERDAY
  MAXIMUM         70    359 PM  86    1960  62      8       68
  MINIMUM         31    553 AM  18    1893  37     -6       43
  AVERAGE         51                        50      1       56

PRECIPITATION (IN)
  YESTERDAY        0.00          1.21 1990   0.10  -0.10     0.00
  MONTH TO DATE    1.59                      2.00  -0.41     3.55
  SINCE MAR 1      2.52                      3.73  -1.21     4.67
  SINCE JAN 1      4.98                      5.43  -0.45     8.75

SNOWFALL (IN)
  YESTERDAY        0.0           2.0  1893   T      0.0      0.0
  MONTH TO DATE   18.6                       1.7   16.9      0.8
  SINCE MAR 1     25.4                      10.3   15.1      5.6
  SINCE JUL 1     64.4                      46.6   17.8     54.5
  SNOW DEPTH       0

DEGREE DAYS
 HEATING
  YESTERDAY       14                        16     -2        9
  MONTH TO DATE  787                       478    309      388
  SINCE MAR 1   1886                      1522    364     1438
  SINCE JUL 1   8048                      7542    506     6548

 COOLING
  YESTERDAY        0                         0      0        0
  MONTH TO DATE    0                         0      0        0
  SINCE MAR 1      0                         0      0        0
  SINCE JAN 1      0                         0      0        0
..................................................................


WIND (MPH)
  HIGHEST WIND SPEED     9   HIGHEST WIND DIRECTION    NE (50)
  HIGHEST GUST SPEED    14   HIGHEST GUST DIRECTION    NE (30)
  AVERAGE WIND SPEED     1.9


SKY COVER
  POSSIBLE SUNSHINE  MM
  AVERAGE SKY COVER 0.0


WEATHER CONDITIONS
 THE FOLLOWING WEATHER WAS RECORDED YESTERDAY.
  NO SIGNIFICANT WEATHER WAS OBSERVED.


RELATIVE HUMIDITY (PERCENT)
 HIGHEST    75           400 AM
 LOWEST     22           400 PM
 AVERAGE    49

..........................................................


THE EAU CLAIRE WI CLIMATE NORMALS FOR TODAY
                         NORMAL    RECORD    YEAR
 MAXIMUM TEMPERATURE (F)   62        88      2009
 MINIMUM TEMPERATURE (F)   38        15      1956


SUNRISE AND SUNSET
APRIL 24 2018.........SUNRISE   606 AM CDT   SUNSET   803 PM CDT
APRIL 25 2018.........SUNRISE   605 AM CDT   SUNSET   804 PM CDT


-  INDICATES NEGATIVE NUMBERS.
R  INDICATES RECORD WAS SET OR TIED.
MM INDICATES DATA IS MISSING.
T  INDICATES TRACE AMOUNT.




$$
