000
CDUS43 KIND 230557
CLIEYE


CLIMATE REPORT
NATIONAL WEATHER SERVICE INDIANAPOLIS IN
156 AM EDT MON APR 23 2018


...................................

...THE INDIANAPOLIS EAGLE CREEK IN CLIMATE SUMMARY FOR APRIL 22 2018...

CLIMATE NORMAL PERIOD 1981 TO 2010
CLIMATE RECORD PERIOD 9999 TO 9999


WEATHER ITEM   OBSERVED TIME   NORMAL DEPARTURE LAST
                VALUE   (LST)  VALUE  FROM      YEAR
                                      NORMAL
......................................................
TEMPERATURE (F)
 YESTERDAY
  MAXIMUM         67    408 PM  65      2       58
  MINIMUM         46    541 AM  46      0       45
  AVERAGE         57            55      2       52

PRECIPITATION (IN)
  YESTERDAY        0.00          0.12  -0.12     0.00
  MONTH TO DATE    3.58          2.58   1.00     1.47
  SINCE MAR 1      6.98          5.88   1.10     5.92
  SINCE JAN 1     12.99         10.22   2.77    11.08

DEGREE DAYS
 HEATING
  YESTERDAY        8            10     -2       13
  MONTH TO DATE  437           298    139      169
  SINCE MAR 1   1234           998    236      817
  SINCE JUL 1   5118          5123     -5     4077

 COOLING
  YESTERDAY        0             1     -1        0
  MONTH TO DATE    7            12     -5       22
  SINCE MAR 1      7            13     -6       24
  SINCE JAN 1     13            13      0       24
......................................................


WIND (MPH)
  HIGHEST WIND SPEED    18   HIGHEST WIND DIRECTION     E (80)
  HIGHEST GUST SPEED    25   HIGHEST GUST DIRECTION     E (80)
  AVERAGE WIND SPEED     9.2


SKY COVER
  AVERAGE SKY COVER 0.1


WEATHER CONDITIONS
 THE FOLLOWING WEATHER WAS RECORDED YESTERDAY.
  NO SIGNIFICANT WEATHER WAS OBSERVED.


RELATIVE HUMIDITY (PERCENT)
 HIGHEST    45           400 AM
 LOWEST     22           400 PM
 AVERAGE    34

..........................................................


THE INDIANAPOLIS EAGLE CREEK IN CLIMATE NORMALS FOR TODAY
                         NORMAL
 MAXIMUM TEMPERATURE (F)   65
 MINIMUM TEMPERATURE (F)   46


SUNRISE AND SUNSET
APRIL 23 2018.........SUNRISE   656 AM EDT   SUNSET   832 PM EDT
APRIL 24 2018.........SUNRISE   655 AM EDT   SUNSET   833 PM EDT


-  INDICATES NEGATIVE NUMBERS.
R  INDICATES RECORD WAS SET OR TIED.
MM INDICATES DATA IS MISSING.
T  INDICATES TRACE AMOUNT.




$$
