000
CDUS42 KKEY 250542
CLIEYW


CLIMATE REPORT
NATIONAL WEATHER SERVICE KEY WEST, FL
140 AM EDT FRI MAY 25 2018


...................................

...THE KEY WEST CLIMATE SUMMARY FOR MAY 24 2018...

CLIMATE NORMAL PERIOD 1981 TO 2010
CLIMATE RECORD PERIOD 1871 TO 2018


WEATHER ITEM   OBSERVED TIME   RECORD YEAR NORMAL DEPARTURE LAST
                VALUE   (LST)  VALUE       VALUE  FROM      YEAR
                                                  NORMAL
..................................................................
TEMPERATURE (F)
 YESTERDAY
  MAXIMUM         84   1237 PM  92    1873  86     -2       87
  MINIMUM         78   1159 PM  68    1900  77      1       76
  AVERAGE         81                        81      0       82

PRECIPITATION (IN)
  YESTERDAY        T             3.15 1937   0.12  -0.12     0.49
  MONTH TO DATE    9.68                      2.04   7.64     1.15
  SINCE MAR 1     12.01                      6.14   5.87     5.96
  SINCE JAN 1     13.25                      9.67   3.58     9.01

SNOWFALL (IN)
  YESTERDAY        0.0
  MONTH TO DATE    0.0
  SINCE MAR 1      0.0
  SINCE JUL 1      0.0
  SNOW DEPTH       0

DEGREE DAYS
 HEATING
  YESTERDAY        0                         0      0        0
  MONTH TO DATE    0                         0      0        0
  SINCE MAR 1      2                         7     -5        0
  SINCE JUL 1     44                        73    -29        5

 COOLING
  YESTERDAY       16                        16      0       17
  MONTH TO DATE  339                       358    -19      379
  SINCE MAR 1    973                       964      9     1073
  SINCE JAN 1   1426                      1312    114     1613
..................................................................


WIND (MPH)
  HIGHEST WIND SPEED    13   HIGHEST WIND DIRECTION     E (100)
  HIGHEST GUST SPEED    18   HIGHEST GUST DIRECTION    SE (120)
  AVERAGE WIND SPEED     5.9


SKY COVER
  POSSIBLE SUNSHINE  MM
  AVERAGE SKY COVER 0.2


WEATHER CONDITIONS
 THE FOLLOWING WEATHER WAS RECORDED YESTERDAY.
  THUNDERSTORM


RELATIVE HUMIDITY (PERCENT)
 HIGHEST    91
 LOWEST     74
 AVERAGE    83

..........................................................


THE KEY WEST CLIMATE NORMALS FOR TODAY
                         NORMAL    RECORD    YEAR
 MAXIMUM TEMPERATURE (F)   86        91      2008
                                             1989
 MINIMUM TEMPERATURE (F)   77        70      1992
                                             1913


SUNRISE AND SUNSET
MAY 25 2018...........SUNRISE   640 AM EDT   SUNSET   809 PM EDT
MAY 26 2018...........SUNRISE   639 AM EDT   SUNSET   809 PM EDT


-  INDICATES NEGATIVE NUMBERS.
R  INDICATES RECORD WAS SET OR TIED.
MM INDICATES DATA IS MISSING.
T  INDICATES TRACE AMOUNT.




$$
