405
CDUS46 KHNX 240824
CLIFAT


CLIMATE REPORT
NATIONAL WEATHER SERVICE SAN JOAQUIN VALLEY, CA
124 AM PDT TUE APR 24 2018


...................................

...THE FRESNO CA CLIMATE SUMMARY FOR APRIL 23 2018...

CLIMATE NORMAL PERIOD 1981 TO 2010
CLIMATE RECORD PERIOD 1887 TO 2018


WEATHER ITEM   OBSERVED TIME   RECORD YEAR NORMAL DEPARTURE
                VALUE   (LST)  VALUE       VALUE  FROM
                                                  NORMAL
...............................................................
TEMPERATURE (F)
 YESTERDAY
  MAXIMUM         92    344 PM 100    1910  77     15
  MINIMUM         61    527 AM  39    1958  51     10
                                      1904
  AVERAGE         77                        64     13

PRECIPITATION (IN)
  YESTERDAY        0.00          0.77 1990   0.03  -0.03
  MONTH TO DATE    0.64                      0.77  -0.13
  SINCE OCT 1      6.73                     10.49  -3.76
  SINCE JAN 1      6.32                      7.02  -0.70

SNOWFALL (IN)
  YESTERDAY        0.0
  MONTH TO DATE    0.0
  SINCE MAR 1      0.0
  SINCE JUL 1      0.0
  SNOW DEPTH       0

DEGREE DAYS
 HEATING
  YESTERDAY        0                               -3
  MONTH TO DATE   62                              -57
  SINCE MAR 1    320                              -64
  SINCE JUL 1   1801                             -495

 COOLING
  YESTERDAY       12                               10
  MONTH TO DATE   49                               20
  SINCE MAR 1     59                               25
  SINCE JAN 1     59                               25
...............................................................


WIND (MPH)
  HIGHEST WIND SPEED    17   HIGHEST WIND DIRECTION    NW (320)
  HIGHEST GUST SPEED    20   HIGHEST GUST DIRECTION    NW (320)
  AVERAGE WIND SPEED     5.4




RELATIVE HUMIDITY (PERCENT)
 HIGHEST    84
 LOWEST     15
 AVERAGE    50

..........................................................


THE FRESNO CA CLIMATE NORMALS FOR TODAY
                         NORMAL    RECORD    YEAR
 MAXIMUM TEMPERATURE (F)   77       101      1910
 MINIMUM TEMPERATURE (F)   51        36      1958


SUNRISE AND SUNSET
APRIL 24 2018.........SUNRISE   613 AM PDT   SUNSET   741 PM PDT
APRIL 25 2018.........SUNRISE   612 AM PDT   SUNSET   742 PM PDT


-  INDICATES NEGATIVE NUMBERS.
R  INDICATES RECORD WAS SET OR TIED.
MM INDICATES DATA IS MISSING.
T  INDICATES TRACE AMOUNT.




$$
