551
CDUS43 KFGF 240657
CLIFGF


CLIMATE REPORT
NATIONAL WEATHER SERVICE EASTERN NORTH DAKOTA/GRAND FORKS
157 AM CDT TUE APR 24 2018


...................................

...THE GRAND FORKS UNIV. (NWS) ND CLIMATE SUMMARY FOR APRIL 23 2018...

CLIMATE NORMAL PERIOD 1981 TO 2010
CLIMATE RECORD PERIOD 1893 TO 2018


WEATHER ITEM   OBSERVED TIME   RECORD YEAR NORMAL DEPARTURE LAST
                VALUE   (LST)  VALUE       VALUE  FROM      YEAR
                                                  NORMAL
..................................................................
TEMPERATURE (F)
 YESTERDAY
  MAXIMUM         65        MM  91    1990  59      6       34
  MINIMUM         37        MM  10    1909  35      2       30
  AVERAGE         51                        47      4       32

PRECIPITATION (IN)
  YESTERDAY        0.00          1.48 1899   0.04  -0.04     0.04
  MONTH TO DATE    0.18                      0.67  -0.49     0.72
  SINCE MAR 1      1.60                      1.69  -0.09     1.56
  SINCE JAN 1      2.73                      2.99  -0.26     2.66

SNOWFALL (IN)
  YESTERDAY        0.0           0.4  2017   0.0    0.0      0.4
  MONTH TO DATE    1.6                       0.9    0.7      0.4
  SINCE MAR 1     18.4                       7.3   11.1      0.5
  SINCE JUL 1     57.0                      42.6   14.4     43.4
  SNOW DEPTH       0

DEGREE DAYS
 HEATING
  YESTERDAY       14                        18     -4       33
  MONTH TO DATE  789                       548    241      466
  SINCE MAR 1   2015                      1754    261     1647
  SINCE JUL 1   8995                      8714    281     7595

 COOLING
  YESTERDAY        0                         0      0        0
  MONTH TO DATE    0                         0      0        0
  SINCE MAR 1      0                         0      0        0
  SINCE JAN 1      0                         0      0        0
..................................................................


WIND (MPH)
  RESULTANT WIND SPEED  MM   RESULTANT WIND DIRECTION  MM
  HIGHEST WIND SPEED    MM   HIGHEST WIND DIRECTION    MM
  HIGHEST GUST SPEED    MM   HIGHEST GUST DIRECTION    MM
  AVERAGE WIND SPEED    MM


SKY COVER
  POSSIBLE SUNSHINE  MM
  AVERAGE SKY COVER  MM


WEATHER CONDITIONS
 THE FOLLOWING WEATHER WAS RECORDED YESTERDAY.
  NO SIGNIFICANT WEATHER WAS OBSERVED.


RELATIVE HUMIDITY (PERCENT)
 HIGHEST    MM
 LOWEST     MM
 AVERAGE    MM

..........................................................


THE GRAND FORKS UNIV. (NWS) ND CLIMATE NORMALS FOR TODAY
                         NORMAL    RECORD    YEAR
 MAXIMUM TEMPERATURE (F)   60        89      1990
 MINIMUM TEMPERATURE (F)   35        15      1909


SUNRISE AND SUNSET
APRIL 24 2018.........SUNRISE   622 AM CDT   SUNSET   832 PM CDT
APRIL 25 2018.........SUNRISE   621 AM CDT   SUNSET   833 PM CDT


-  INDICATES NEGATIVE NUMBERS.
R  INDICATES RECORD WAS SET OR TIED.
MM INDICATES DATA IS MISSING.
T  INDICATES TRACE AMOUNT.




$$
