000
CDUS42 KTBW 232128
CLIFMY


CLIMATE REPORT
NATIONAL WEATHER SERVICE TAMPA BAY FL
525 PM EDT WED MAY 23 2018


...................................

...THE FORT MYERS CLIMATE SUMMARY FOR MAY 23 2018...
VALID TODAY AS OF 0500 PM LOCAL TIME.

CLIMATE NORMAL PERIOD 1981 TO 2010
CLIMATE RECORD PERIOD 1902 TO 2018


WEATHER ITEM   OBSERVED TIME   RECORD YEAR NORMAL DEPARTURE LAST
                VALUE   (LST)  VALUE       VALUE  FROM      YEAR
                                                  NORMAL
..................................................................
TEMPERATURE (F)
 TODAY
  MAXIMUM         91    157 PM  96    1953  90      1       90
  MINIMUM         71    610 AM  59    1919  70      1       74
  AVERAGE         81                        80      1       82

PRECIPITATION (IN)
  TODAY            0.98          1.87 1930   0.10   0.88     0.00
  MONTH TO DATE    6.36                      1.58   4.78     0.54
  SINCE MAR 1      7.85                      6.64   1.21     3.32
  SINCE JAN 1      9.89                     10.73  -0.84     5.57

DEGREE DAYS
 HEATING
  TODAY            0                         0      0        0
  MONTH TO DATE    0                         0      0        0
  SINCE MAR 1     22                        27     -5       11
  SINCE JUL 1    208                       287    -79       76

 COOLING
  TODAY           16                        15      1       17
  MONTH TO DATE  331                       307     24      354
  SINCE MAR 1    840                       752     88      802
  SINCE JAN 1   1204                       937    267     1144
..................................................................


WIND (MPH)
  RESULTANT WIND SPEED   5   RESULTANT WIND DIRECTION   E (100)
  HIGHEST WIND SPEED    26   HIGHEST WIND DIRECTION     E (80)
  HIGHEST GUST SPEED    46   HIGHEST GUST DIRECTION     E (70)
  AVERAGE WIND SPEED     5.8


SKY COVER
  POSSIBLE SUNSHINE  MM
  AVERAGE SKY COVER  MM


WEATHER CONDITIONS
 THE FOLLOWING WEATHER WAS RECORDED TODAY.
  THUNDERSTORM
  HEAVY RAIN
  FOG


RELATIVE HUMIDITY (PERCENT)
 HIGHEST   100           100 AM
 LOWEST     47           200 PM

..........................................................


THE FORT MYERS CLIMATE NORMALS FOR TOMORROW
                         NORMAL    RECORD    YEAR
 MAXIMUM TEMPERATURE (F)   91        95      2014
                                             2008
                                             1975
 MINIMUM TEMPERATURE (F)   71        56      1892


SUNRISE AND SUNSET
MAY 23 2018...........SUNRISE   637 AM EDT   SUNSET   812 PM EDT
MAY 24 2018...........SUNRISE   636 AM EDT   SUNSET   812 PM EDT


-  INDICATES NEGATIVE NUMBERS.
R  INDICATES RECORD WAS SET OR TIED.
MM INDICATES DATA IS MISSING.
T  INDICATES TRACE AMOUNT.




$$


&&
------------------------------------------------------------------
******************** SUPPLEMENTAL DATA ***************************

...GULF WATER TEMPERATURE AT FORT MYERS BEACH 81 DEGREES
