000
CDUS43 KDTX 260541
CLIFNT


CLIMATE REPORT
NATIONAL WEATHER SERVICE DETROIT/PONTIAC MI
140 AM EDT THU APR 26 2018


...................................

...THE FLINT MI CLIMATE SUMMARY FOR APRIL 25 2018...

CLIMATE NORMAL PERIOD 1981 TO 2010
CLIMATE RECORD PERIOD 1921 TO 2018


WEATHER ITEM   OBSERVED TIME   RECORD YEAR NORMAL DEPARTURE LAST
                VALUE   (LST)  VALUE       VALUE  FROM      YEAR
                                                  NORMAL
..................................................................
TEMPERATURE (F)
 YESTERDAY
  MAXIMUM         55    417 PM  87    1990  61     -6       73
  MINIMUM         36   1136 PM  26    1963  39     -3       47
  AVERAGE         46                        50     -4       60

PRECIPITATION (IN)
  YESTERDAY        0.02          1.96 1976   0.09  -0.07     0.00
  MONTH TO DATE    3.11                      2.40   0.71     3.95
  SINCE MAR 1      4.22                      4.31  -0.09     7.16
  SINCE JAN 1     10.10                      7.42   2.68    12.71

SNOWFALL (IN)
  YESTERDAY        0.0           1.7  1976   0.1   -0.1      0.0
  MONTH TO DATE    7.9                       2.2    5.7      1.5
  SINCE MAR 1     19.6                       8.7   10.9      6.9
  SINCE JUL 1     85.3                      47.3   38.0     39.4
  SNOW DEPTH       0

DEGREE DAYS
 HEATING
  YESTERDAY       19                        15      4        5
  MONTH TO DATE  671                       491    180      353
  SINCE MAR 1   1702                      1448    254     1311
  SINCE JUL 1   6652                      6536    116     5460

 COOLING
  YESTERDAY        0                         0      0        0
  MONTH TO DATE    0                         0      0        1
  SINCE MAR 1      0                         0      0        1
  SINCE JAN 1      0                         0      0        1
..................................................................


WIND (MPH)
  HIGHEST WIND SPEED    17   HIGHEST WIND DIRECTION    NE (30)
  HIGHEST GUST SPEED    23   HIGHEST GUST DIRECTION     N (360)
  AVERAGE WIND SPEED     9.7


SKY COVER
  POSSIBLE SUNSHINE  MM
  AVERAGE SKY COVER 0.8


WEATHER CONDITIONS
 THE FOLLOWING WEATHER WAS RECORDED YESTERDAY.
  LIGHT RAIN
  FOG


RELATIVE HUMIDITY (PERCENT)
 HIGHEST   100           500 AM
 LOWEST     59           100 PM
 AVERAGE    80

..........................................................


THE FLINT MI CLIMATE NORMALS FOR TODAY
                         NORMAL    RECORD    YEAR
 MAXIMUM TEMPERATURE (F)   62        86      1939
 MINIMUM TEMPERATURE (F)   39        25      1933
                                             1926


SUNRISE AND SUNSET
APRIL 26 2018.........SUNRISE   636 AM EDT   SUNSET   830 PM EDT
APRIL 27 2018.........SUNRISE   635 AM EDT   SUNSET   831 PM EDT


-  INDICATES NEGATIVE NUMBERS.
R  INDICATES RECORD WAS SET OR TIED.
MM INDICATES DATA IS MISSING.
T  INDICATES TRACE AMOUNT.




$$
