000
CDUS46 KSGX 250024
CLIFUL


CLIMATE REPORT
NATIONAL WEATHER SERVICE SAN DIEGO, CA
524 PM PDT TUE APR 24 2018


...................................

...THE FULLERTON AIRPORT CA CLIMATE SUMMARY FOR APRIL 24 2018...
VALID TODAY AS OF 0500 PM LOCAL TIME.

CLIMATE NORMAL PERIOD 1981 TO 2010
CLIMATE RECORD PERIOD 1998 TO 2018


WEATHER ITEM   OBSERVED TIME   RECORD YEAR NORMAL DEPARTURE LAST
                VALUE   (LST)  VALUE       VALUE  FROM      YEAR
                                                  NORMAL
..................................................................
TEMPERATURE (F)
 TODAY
  MAXIMUM         73    336 PM  94    2001  74     -1       73
  MINIMUM         55    623 AM  49    2006  54      1       61
  AVERAGE         64                        64      0       67

PRECIPITATION (IN)
  TODAY            0.00          0.26 2005   0.03  -0.03     0.00
  MONTH TO DATE    0.02                      0.71  -0.69     0.03
  SINCE OCT 1      3.07                     13.05  -9.98    16.37
  SINCE JAN 1      2.99                      9.15  -6.16    10.46

DEGREE DAYS
 HEATING
  TODAY            1                         3     -2        0
  MONTH TO DATE   29                        89    -60       15
  SINCE MAR 1    161                       259    -98       72
  SINCE JUL 1    611                      1181   -570      769

 COOLING
  TODAY            0                         1     -1        2
  MONTH TO DATE   50                        21     29       58
  SINCE MAR 1     53                        34     19       96
  SINCE JAN 1     90                        43     47       99
..................................................................


WIND (MPH)
  RESULTANT WIND SPEED   4   RESULTANT WIND DIRECTION   S (180)
  HIGHEST WIND SPEED    12   HIGHEST WIND DIRECTION     S (190)
  HIGHEST GUST SPEED    19   HIGHEST GUST DIRECTION    SW (240)
  AVERAGE WIND SPEED     4.6


SKY COVER
  POSSIBLE SUNSHINE  MM
  AVERAGE SKY COVER 0.5


WEATHER CONDITIONS
 THE FOLLOWING WEATHER WAS RECORDED TODAY.
  FOG
  HAZE


RELATIVE HUMIDITY (PERCENT)
 HIGHEST    93           100 AM
 LOWEST     44           100 PM
 AVERAGE    69

..........................................................


THE FULLERTON AIRPORT CA CLIMATE NORMALS FOR TOMORROW
                         NORMAL    RECORD    YEAR
 MAXIMUM TEMPERATURE (F)   74        93      2004
 MINIMUM TEMPERATURE (F)   54        50      2009


SUNRISE AND SUNSET
APRIL 24 2018.........SUNRISE   610 AM PDT   SUNSET   730 PM PDT
APRIL 25 2018.........SUNRISE   609 AM PDT   SUNSET   731 PM PDT


-  INDICATES NEGATIVE NUMBERS.
R  INDICATES RECORD WAS SET OR TIED.
MM INDICATES DATA IS MISSING.
T  INDICATES TRACE AMOUNT.




$$
