010
CDUS44 KTSA 192118 RRA
CLIFYV

CLIMATE REPORT
NATIONAL WEATHER SERVICE TULSA OK
418 PM CDT THU APR 19 2018


...................................

...THE FAYETTEVILLE ARKANSAS CLIMATE SUMMARY FOR APRIL 19 2018...
VALID TODAY AS OF 0400 PM LOCAL TIME.

CLIMATE NORMAL PERIOD 1981 TO 2010
CLIMATE RECORD PERIOD 1905 TO 2018


WEATHER ITEM   OBSERVED TIME   RECORD YEAR NORMAL DEPARTURE LAST
                VALUE   (LST)  VALUE       VALUE  FROM      YEAR
                                                  NORMAL
..................................................................
TEMPERATURE (F)
 TODAY
  MAXIMUM         58    259 PM  92    1987  70    -12       78
  MINIMUM         36    617 AM  26    1953  46    -10       54
  AVERAGE         47                        58    -11       66

PRECIPITATION (IN)
  TODAY            0.00                      0.16  -0.16     0.00
  MONTH TO DATE    0.40                      2.73  -2.33     1.78
  SINCE MAR 1      5.80                      6.68  -0.88     7.73
  SINCE JAN 1     15.42                     12.33   3.09    11.23

SNOWFALL (IN)
  TODAY            0.0                                       0.0
  MONTH TO DATE    T                                         0.0
  SINCE MAR 1      T                                         0.2
  SINCE JUL 1      0.4                                       1.0

DEGREE DAYS
 HEATING
  TODAY           18                         8     10        0
  MONTH TO DATE  307                       197    110       84
  SINCE MAR 1    775                       723     52      471
  SINCE JUL 1   3904                      4026   -122     3042

 COOLING
  TODAY            0                         1     -1        1
  MONTH TO DATE    8                        16     -8       13
  SINCE MAR 1      8                        20    -12       26
  SINCE JAN 1     11                        20     -9       31
..................................................................


WIND (MPH)
  HIGHEST WIND SPEED    17   HIGHEST WIND DIRECTION    NW (320)
  HIGHEST GUST SPEED    25   HIGHEST GUST DIRECTION    NW (320)
  AVERAGE WIND SPEED     7.0


SKY COVER
  POSSIBLE SUNSHINE  MM
  AVERAGE SKY COVER 0.1


WEATHER CONDITIONS
 THE FOLLOWING WEATHER WAS RECORDED TODAY.
  NO SIGNIFICANT WEATHER WAS OBSERVED.


RELATIVE HUMIDITY (PERCENT)
 HIGHEST    70           500 AM
 LOWEST     38           200 PM
 AVERAGE    54

..........................................................


THE FAYETTEVILLE ARKANSAS CLIMATE NORMALS FOR TOMORROW
                         NORMAL    RECORD    YEAR
 MAXIMUM TEMPERATURE (F)   70        89      1987
 MINIMUM TEMPERATURE (F)   46        26      1953


SUNRISE AND SUNSET
APRIL 19 2018.........SUNRISE   638 AM CDT   SUNSET   754 PM CDT
APRIL 20 2018.........SUNRISE   637 AM CDT   SUNSET   755 PM CDT


-  INDICATES NEGATIVE NUMBERS.
R  INDICATES RECORD WAS SET OR TIED.
MM INDICATES DATA IS MISSING.
T  INDICATES TRACE AMOUNT.




$$
