000
CDUS43 KFGF 222208
CLIGFK


CLIMATE REPORT
NATIONAL WEATHER SERVICE EASTERN NORTH DAKOTA/GRAND FORKS
507 PM CDT FRI JUN 22 2018


...................................

...THE GRAND FORKS INTL AP ND CLIMATE SUMMARY FOR JUNE 22 2018...
VALID TODAY AS OF 0500 PM LOCAL TIME.

CLIMATE NORMAL PERIOD 1981 TO 2010
CLIMATE RECORD PERIOD 1948 TO 2018


WEATHER ITEM   OBSERVED TIME   RECORD YEAR NORMAL DEPARTURE LAST
                VALUE   (LST)  VALUE       VALUE  FROM      YEAR
                                                  NORMAL
..................................................................
TEMPERATURE (F)
 TODAY
  MAXIMUM         89    145 PM  94    1950  78     11       78
  MINIMUM         61    439 AM  40    1982  54      7       49
  AVERAGE         75                        66      9       64

PRECIPITATION (IN)
  TODAY            0.00          2.11 1948   0.12  -0.12      T
  MONTH TO DATE    3.12                      2.49   0.63     1.33
  SINCE JUN 1      3.12                      2.49   0.63     1.33
  SINCE JAN 1      7.80                      8.21  -0.41     5.48

SNOWFALL (IN)
  TODAY            0.0          MM      MM   0.0    0.0      0.0
  MONTH TO DATE    0.0                       0.0    0.0      0.0
  SINCE JUN 1      0.0                       0.0    0.0      0.0
  SINCE JUL 1     52.4                      47.4    5.0     44.1
  SNOW DEPTH       0

DEGREE DAYS
 HEATING
  TODAY            0                         2     -2        1
  MONTH TO DATE   27                        89    -62        9
  SINCE JUN 1     27                        89    -62        9
  SINCE JUL 1   9440                      9501    -61     8023

 COOLING
  TODAY           10                         3      7        0
  MONTH TO DATE   80                        46     34       95
  SINCE JUN 1     80                        46     34       95
  SINCE JAN 1    153                        63     90       97
..................................................................


WIND (MPH)
  HIGHEST WIND SPEED    16   HIGHEST WIND DIRECTION     S (180)
  HIGHEST GUST SPEED    26   HIGHEST GUST DIRECTION     S (160)
  AVERAGE WIND SPEED     7.2


SKY COVER
  POSSIBLE SUNSHINE  MM
  AVERAGE SKY COVER 0.3


WEATHER CONDITIONS
 THE FOLLOWING WEATHER WAS RECORDED TODAY.
  NO SIGNIFICANT WEATHER WAS OBSERVED.


RELATIVE HUMIDITY (PERCENT)
 HIGHEST   100           300 AM
 LOWEST     36           100 PM
 AVERAGE    68

..........................................................


THE GRAND FORKS INTL AP ND CLIMATE NORMALS FOR TOMORROW
                         NORMAL    RECORD    YEAR
 MAXIMUM TEMPERATURE (F)   78        93      2005
 MINIMUM TEMPERATURE (F)   54        34      1967


SUNRISE AND SUNSET
JUNE 22 2018..........SUNRISE   530 AM CDT   SUNSET   932 PM CDT
JUNE 23 2018..........SUNRISE   530 AM CDT   SUNSET   932 PM CDT


-  INDICATES NEGATIVE NUMBERS.
R  INDICATES RECORD WAS SET OR TIED.
MM INDICATES DATA IS MISSING.
T  INDICATES TRACE AMOUNT.




$$
