127
CDUS44 KHGX 262117
CLIGLS


CLIMATE REPORT
NATIONAL WEATHER SERVICE HOUSTON/GALVESTON TX
416 PM CDT THU APR 26 2018


...................................

...THE GALVESTON CLIMATE SUMMARY FOR APRIL 26 2018...
VALID TODAY AS OF 400 PM LOCAL TIME.

CLIMATE NORMAL PERIOD 1981 TO 2010
CLIMATE RECORD PERIOD 1875 TO 2018


WEATHER ITEM   OBSERVED TIME   RECORD YEAR NORMAL DEPARTURE LAST
                VALUE   (LST)  VALUE       VALUE  FROM      YEAR
                                                  NORMAL
..................................................................
TEMPERATURE (F)
 TODAY
  MAXIMUM         73    259 PM  84    2017  78     -5       84
                                      2011
                                      1898
  MINIMUM         60    708 AM  57    1911  67     -7       69
  AVERAGE         67                        73     -6       77

PRECIPITATION (IN)
  TODAY            0.00          2.88 1911   0.07  -0.07      T
  MONTH TO DATE    1.89                      2.71  -0.82     1.32
  SINCE MAR 1      3.23                      5.87  -2.64     2.59
  SINCE JAN 1      7.39                     12.64  -5.25     6.86

SNOWFALL (IN)
  TODAY            0.0          MM      MM  MM     MM        0.0
  MONTH TO DATE    0.0                      MM     MM        0.0
  SINCE MAR 1      0.0                      MM     MM        0.0
  SINCE JUL 1      T                         0.0    0.0      0.0
  SNOW DEPTH       0

DEGREE DAYS
 HEATING
  TODAY            0                         0      0        0
  MONTH TO DATE   19                        16      3        0
  SINCE MAR 1     39                       119    -80       18
  SINCE JUL 1    816                      1007   -191      328

 COOLING
  TODAY            2                         8     -6       12
  MONTH TO DATE  126                       139    -13      262
  SINCE MAR 1    293                       192    101      460
  SINCE JAN 1    394                       209    185      638
..................................................................


WIND (MPH)
  RESULTANT WIND SPEED  15   RESULTANT WIND DIRECTION   N (350)
  HIGHEST WIND SPEED    25   HIGHEST WIND DIRECTION     N (350)
  HIGHEST GUST SPEED    30   HIGHEST GUST DIRECTION    NW (330)
  AVERAGE WIND SPEED    15.3


SKY COVER
  AVERAGE SKY COVER 0.5


WEATHER CONDITIONS
 THE FOLLOWING WEATHER WAS RECORDED TODAY.
  NO SIGNIFICANT WEATHER WAS OBSERVED.


RELATIVE HUMIDITY (PERCENT)
 HIGHEST    78           400 AM
 LOWEST     47           300 PM
 AVERAGE    63

..........................................................


THE GALVESTON CLIMATE NORMALS FOR TOMORROW
                         NORMAL    RECORD    YEAR
 MAXIMUM TEMPERATURE (F)   78        95      2011
 MINIMUM TEMPERATURE (F)   68        52      1920


SUNRISE AND SUNSET
APRIL 26 2018.........SUNRISE   642 AM CDT   SUNSET   753 PM CDT
APRIL 27 2018.........SUNRISE   641 AM CDT   SUNSET   753 PM CDT


-  INDICATES NEGATIVE NUMBERS.
R  INDICATES RECORD WAS SET OR TIED.
MM INDICATES DATA IS MISSING.
T  INDICATES TRACE AMOUNT.




$$
