000
CDUS41 KPBZ 250700
CLIHLG


CLIMATE REPORT
NATIONAL WEATHER SERVICE PITTSBURGH PA
300 AM EDT FRI MAY 25 2018


...................................

...THE WHEELING CLIMATE SUMMARY FOR MAY 24 2018...

CLIMATE NORMAL PERIOD 1981 TO 2010
CLIMATE RECORD PERIOD 1878 TO 2018


WEATHER ITEM   OBSERVED TIME   RECORD YEAR NORMAL DEPARTURE LAST
                VALUE   (LST)  VALUE       VALUE  FROM      YEAR
                                                  NORMAL
..................................................................
TEMPERATURE (F)
 YESTERDAY
  MAXIMUM         80    447 PM  91    1944  72      8       67
  MINIMUM         52    558 AM  32    1932  52      0       57
  AVERAGE         66                        62      4       62

PRECIPITATION (IN)
  YESTERDAY        0.00          1.07 1925   0.14  -0.14     0.12
  MONTH TO DATE    3.00                      3.21  -0.21     4.12
  SINCE JAN 1     20.64                     14.18   6.46    16.49

DEGREE DAYS
 HEATING
  YESTERDAY        0                         5     -5        3
  MONTH TO DATE   18                       165   -147      179
  SINCE MAR 1   1486                      1356    130     1184
  SINCE JUL 1   5466                      5523    -57     4540

 COOLING
  YESTERDAY        1                                         0
  MONTH TO DATE   84                                        30
  SINCE MAR 1     98                                        56
  SINCE JAN 1    103                                        58
..................................................................


WIND (MPH)
  HIGHEST WIND SPEED    14   HIGHEST WIND DIRECTION     E (80)
  HIGHEST GUST SPEED    18   HIGHEST GUST DIRECTION     E (90)
  AVERAGE WIND SPEED     3.4


SKY COVER
  POSSIBLE SUNSHINE  MM
  AVERAGE SKY COVER 0.0


WEATHER CONDITIONS
 THE FOLLOWING WEATHER WAS RECORDED YESTERDAY.
  FOG


RELATIVE HUMIDITY (PERCENT)
 HIGHEST    96           600 AM
 LOWEST     35           500 PM
 AVERAGE    66

..........................................................


THE WHEELING CLIMATE NORMALS FOR TODAY
                         NORMAL    RECORD    YEAR
 MAXIMUM TEMPERATURE (F)   72        91      1939
                                             1932
 MINIMUM TEMPERATURE (F)   52        30      1935


SUNRISE AND SUNSET
MAY 25 2018...........SUNRISE   559 AM EDT   SUNSET   841 PM EDT
MAY 26 2018...........SUNRISE   558 AM EDT   SUNSET   841 PM EDT


-  INDICATES NEGATIVE NUMBERS.
R  INDICATES RECORD WAS SET OR TIED.
MM INDICATES DATA IS MISSING.
T  INDICATES TRACE AMOUNT.




$$
