000
CDUS44 KHGX 190732
CLIHOU


CLIMATE REPORT
NATIONAL WEATHER SERVICE HOUSTON/GALVESTON TX
232 AM CDT THU APR 19 2018


...................................

...THE HOUSTON INTERCONTINENTAL CLIMATE SUMMARY FOR APRIL 18 2018...

CLIMATE NORMAL PERIOD 1981 TO 2010
CLIMATE RECORD PERIOD 1892 TO 2018


WEATHER ITEM   OBSERVED TIME   RECORD YEAR NORMAL DEPARTURE LAST
                VALUE   (LST)  VALUE       VALUE  FROM      YEAR
                                                  NORMAL
..................................................................
TEMPERATURE (F)
 YESTERDAY
  MAXIMUM         82   1244 PM  94    1987  80      2       77
  MINIMUM         68    641 AM  42    1999  60      8       67
  AVERAGE         75                        70      5       72

PRECIPITATION (IN)
  YESTERDAY        0.00          9.92 2016   0.11  -0.11     0.31
  MONTH TO DATE    0.78                      1.85  -1.07     1.66
  SINCE MAR 1      3.75                      5.26  -1.51     7.29
  SINCE JAN 1     12.54                     11.84   0.70    15.80

SNOWFALL (IN)
  YESTERDAY        0.0          MM      MM
  MONTH TO DATE    0.0
  SINCE MAR 1      0.0
  SINCE JUL 1      0.8

DEGREE DAYS
 HEATING
  YESTERDAY        0                         1     -1        0
  MONTH TO DATE   41                        30     11        0
  SINCE MAR 1     99                       171    -72       52
  SINCE JUL 1   1225                      1359   -134      652

 COOLING
  YESTERDAY       10                         6      4        7
  MONTH TO DATE   76                        87    -11      116
  SINCE MAR 1    220                       158     62      274
  SINCE JAN 1    308                       196    112      453
..................................................................


WIND (MPH)
  HIGHEST WIND SPEED    14   HIGHEST WIND DIRECTION    SW (240)
  HIGHEST GUST SPEED    19   HIGHEST GUST DIRECTION    SW (240)




RELATIVE HUMIDITY (PERCENT)
 HIGHEST    90
 LOWEST     54
 AVERAGE    72

..........................................................


THE HOUSTON INTERCONTINENTAL CLIMATE NORMALS FOR TODAY
                         NORMAL    RECORD    YEAR
 MAXIMUM TEMPERATURE (F)   80        92      2011
                                             1987
 MINIMUM TEMPERATURE (F)   60        40      1901


SUNRISE AND SUNSET
APRIL 19 2018.........SUNRISE   650 AM CDT   SUNSET   751 PM CDT
APRIL 20 2018.........SUNRISE   649 AM CDT   SUNSET   752 PM CDT


-  INDICATES NEGATIVE NUMBERS.
R  INDICATES RECORD WAS SET OR TIED.
MM INDICATES DATA IS MISSING.
T  INDICATES TRACE AMOUNT.


&&

...................................

...THE HOUSTON/HOBBY AIRPORT CLIMATE SUMMARY FOR APRIL 18 2018...

CLIMATE NORMAL PERIOD 1981 TO 2010
CLIMATE RECORD PERIOD 1930 TO 2018


WEATHER ITEM   OBSERVED TIME   RECORD YEAR NORMAL DEPARTURE LAST
                VALUE   (LST)  VALUE       VALUE  FROM      YEAR
                                                  NORMAL
..................................................................
TEMPERATURE (F)
 YESTERDAY
  MAXIMUM         83    209 PM  91    1987  79      4       75
  MINIMUM         67    641 AM  46    1940  62      5       67
  AVERAGE         75                        70      5       71

PRECIPITATION (IN)
  YESTERDAY        0.00          5.16 2016   0.11  -0.11     0.93
  MONTH TO DATE    1.17                      1.83  -0.66     2.70
  SINCE MAR 1      3.10                      5.03  -1.93    10.85
  SINCE JAN 1     10.34                     12.11  -1.77    16.97

SNOWFALL (IN)
  YESTERDAY        0.0          MM      MM
  MONTH TO DATE    0.0
  SINCE MAR 1      0.0
  SINCE JUL 1      1.5

DEGREE DAYS
 HEATING
  YESTERDAY        0                         1     -1        0
  MONTH TO DATE   37                        25     12        0
  SINCE MAR 1     90                       146    -56       42
  SINCE JUL 1   1129                      1216    -87      540

 COOLING
  YESTERDAY       10                         6      4        6
  MONTH TO DATE   66                        87    -21      121
  SINCE MAR 1    204                       156     48      293
  SINCE JAN 1    295                       194    101      480
..................................................................


WIND (MPH)
  HIGHEST WIND SPEED    16   HIGHEST WIND DIRECTION     N (350)
  HIGHEST GUST SPEED    21   HIGHEST GUST DIRECTION    SW (220)




RELATIVE HUMIDITY (PERCENT)
 HIGHEST    90
 LOWEST     51
 AVERAGE    71

..........................................................


THE HOUSTON/HOBBY AIRPORT CLIMATE NORMALS FOR TODAY
                         NORMAL    RECORD    YEAR
 MAXIMUM TEMPERATURE (F)   80        88      2011
                                             1984
                                             1972
 MINIMUM TEMPERATURE (F)   62        40      1940


SUNRISE AND SUNSET
APRIL 19 2018.........SUNRISE   650 AM CDT   SUNSET   751 PM CDT
APRIL 20 2018.........SUNRISE   649 AM CDT   SUNSET   751 PM CDT


-  INDICATES NEGATIVE NUMBERS.
R  INDICATES RECORD WAS SET OR TIED.
MM INDICATES DATA IS MISSING.
T  INDICATES TRACE AMOUNT.




$$
