000
CDUS44 KLZK 242115
CLIHRO


CLIMATE REPORT
NATIONAL WEATHER SERVICE LITTLE ROCK AR
415 PM CDT TUE APR 24 2018


...................................

...THE HARRISON CLIMATE SUMMARY FOR APRIL 24 2018...
VALID TODAY AS OF 0400 PM LOCAL TIME.

CLIMATE NORMAL PERIOD 1981 TO 2010
CLIMATE RECORD PERIOD 1891 TO 2018


WEATHER ITEM   OBSERVED TIME   RECORD YEAR NORMAL DEPARTURE LAST
                VALUE   (LST)  VALUE       VALUE  FROM      YEAR
                                                  NORMAL
..................................................................
TEMPERATURE (F)
 TODAY
  MAXIMUM         76    159 PM  89    1989  71      5       77
  MINIMUM         50    548 AM  27    1910  50      0       39
  AVERAGE         63                        60      3       58

PRECIPITATION (IN)
  TODAY            0.00          2.99 2006   0.17  -0.17     0.00
  MONTH TO DATE    2.70                      3.34  -0.64     5.21
  SINCE MAR 1      8.01                      7.13   0.88    10.85
  SINCE JAN 1     16.64                     12.33   4.31    14.43

SNOWFALL (IN)
  TODAY            0.0          MM      MM   0.0    0.0      0.0
  MONTH TO DATE    0.1                       0.3   -0.2      0.0
  SINCE MAR 1      0.1                       2.3   -2.2      2.5
  SINCE JUL 1      2.2                      11.5   -9.3      3.4
  SNOW DEPTH       0

DEGREE DAYS
 HEATING
  TODAY            2                         6     -4        7
  MONTH TO DATE  347                       210    137      115
  SINCE MAR 1    803                       718     85      483
  SINCE JUL 1   3763                      3890   -127     2889

 COOLING
  TODAY            0                         1     -1        0
  MONTH TO DATE    9                        24    -15       34
  SINCE MAR 1      9                        30    -21       40
  SINCE JAN 1     14                        30    -16       47
..................................................................


WIND (MPH)
  HIGHEST WIND SPEED    16   HIGHEST WIND DIRECTION    NW (300)
  HIGHEST GUST SPEED    23   HIGHEST GUST DIRECTION     N (350)
  AVERAGE WIND SPEED     7.2


SKY COVER
  POSSIBLE SUNSHINE  MM
  AVERAGE SKY COVER 0.0


WEATHER CONDITIONS
 THE FOLLOWING WEATHER WAS RECORDED TODAY.
  NO SIGNIFICANT WEATHER WAS OBSERVED.


RELATIVE HUMIDITY (PERCENT)
 HIGHEST    89           200 AM
 LOWEST     25           200 PM
 AVERAGE    57

..........................................................


THE HARRISON CLIMATE NORMALS FOR TOMORROW
                         NORMAL    RECORD    YEAR
 MAXIMUM TEMPERATURE (F)   71        88      1939
 MINIMUM TEMPERATURE (F)   50        23      1910


SUNRISE AND SUNSET
APRIL 24 2018.........SUNRISE   628 AM CDT   SUNSET   754 PM CDT
APRIL 25 2018.........SUNRISE   626 AM CDT   SUNSET   755 PM CDT


-  INDICATES NEGATIVE NUMBERS.
R  INDICATES RECORD WAS SET OR TIED.
MM INDICATES DATA IS MISSING.
T  INDICATES TRACE AMOUNT.




$$
