000
CDUS42 KMHX 260534
CLIHSE


CLIMATE REPORT
NATIONAL WEATHER SERVICE NEWPORT/MOREHEAD CITY NC
128 AM EDT THU APR 26 2018


...................................

...THE CAPE HATTERAS NC CLIMATE SUMMARY FOR APRIL 25 2018...

CLIMATE NORMAL PERIOD 1981 TO 2010
CLIMATE RECORD PERIOD 1874 TO 2018


WEATHER ITEM   OBSERVED TIME   RECORD YEAR NORMAL DEPARTURE LAST
                VALUE   (LST)  VALUE       VALUE  FROM      YEAR
                                                  NORMAL
..................................................................
TEMPERATURE (F)
 YESTERDAY
  MAXIMUM         73    306 PM  84    1990  69      4       76
  MINIMUM         64   1159 PM  40    1969  55      9       62
                                      1967
  AVERAGE         69                        62      7       69

PRECIPITATION (IN)
  YESTERDAY        T             2.25 2003   0.12  -0.12     1.52
  MONTH TO DATE    4.11                      3.11   1.00     8.02
  SINCE MAR 1      8.57                      7.88   0.69    13.30
  SINCE JAN 1     18.82                     17.14   1.68    19.61

SNOWFALL (IN)
  YESTERDAY        0.0
  MONTH TO DATE    0.0
  SINCE NOV 1      3.5
  SINCE JUL 1      3.5
  SNOW DEPTH       0

DEGREE DAYS
 HEATING
  YESTERDAY        0                         4     -4        0
  MONTH TO DATE  163                       172     -9       48
  SINCE MAR 1    654                       591     63      403
  SINCE JUL 1   2265                      2515   -250     1725

 COOLING
  YESTERDAY        4                         1      3        4
  MONTH TO DATE   18                        16      2      101
  SINCE MAR 1     18                        19     -1      125
  SINCE JAN 1     28                        19      9      133
..................................................................


WIND (MPH)
  HIGHEST WIND SPEED    22   HIGHEST WIND DIRECTION     S (180)
  HIGHEST GUST SPEED    30   HIGHEST GUST DIRECTION     S (180)
  AVERAGE WIND SPEED    10.8


SKY COVER
  POSSIBLE SUNSHINE  MM
  AVERAGE SKY COVER 0.2


WEATHER CONDITIONS
 THE FOLLOWING WEATHER WAS RECORDED YESTERDAY.
  THUNDERSTORM
  LIGHT RAIN
  FOG
  HAZE


RELATIVE HUMIDITY (PERCENT)
 HIGHEST    97          1200 AM
 LOWEST     73          1100 AM
 AVERAGE    85

..........................................................


THE CAPE HATTERAS NC CLIMATE NORMALS FOR TODAY
                         NORMAL    RECORD    YEAR
 MAXIMUM TEMPERATURE (F)   69        86      1994
 MINIMUM TEMPERATURE (F)   55        36      1974


SUNRISE AND SUNSET
APRIL 26 2018.........SUNRISE   617 AM EDT   SUNSET   744 PM EDT
APRIL 27 2018.........SUNRISE   616 AM EDT   SUNSET   745 PM EDT


-  INDICATES NEGATIVE NUMBERS.
R  INDICATES RECORD WAS SET OR TIED.
MM INDICATES DATA IS MISSING.
T  INDICATES TRACE AMOUNT.




$$
