000
CDUS43 KAPX 192128
CLIHTL


CLIMATE REPORT
NATIONAL WEATHER SERVICE GAYLORD MI
528 PM EDT THU APR 19 2018


...................................

...THE HOUGHTON LAKE MI CLIMATE SUMMARY FOR APRIL 19 2018...
VALID TODAY AS OF 0500 PM LOCAL TIME.

CLIMATE NORMAL PERIOD 1981 TO 2010
CLIMATE RECORD PERIOD 1913 TO 2018


WEATHER ITEM   OBSERVED TIME   RECORD YEAR NORMAL DEPARTURE LAST
                VALUE   (LST)  VALUE       VALUE  FROM      YEAR
                                                  NORMAL
..................................................................
TEMPERATURE (F)
 TODAY
  MAXIMUM         44    311 PM  81    1948  56    -12       58
                                      1927
                                      1914
  MINIMUM         29    639 AM   2    1918  33     -4       45
  AVERAGE         37                        44     -7       52

PRECIPITATION (IN)
  TODAY            0.00          1.30 1925   0.08  -0.08     0.00
  MONTH TO DATE    3.28                      1.62   1.66     3.70
  SINCE MAR 1      4.08                      3.46   0.62     6.38
  SINCE JAN 1      8.25                      6.18   2.07    11.86

SNOWFALL (IN)
  TODAY            0.0           4.0  2011   0.1             0.0
  MONTH TO DATE   14.1                       3.2              T
  SINCE OCT 1     55.8                      66.0            76.1
  SINCE JUL 1     55.8                      66.0            76.1

DEGREE DAYS
 HEATING
  TODAY           28                        21      7       13
  MONTH TO DATE  683                       473    210      351
  SINCE MAR 1   1798                      1586    212     1448
  SINCE JUL 1   7351                      7458   -107     6298

 COOLING
  TODAY            0                         0      0        0
  MONTH TO DATE    0                         0      0        0
  SINCE MAR 1      0                         0      0        0
  SINCE JAN 1      0                         0      0        0
..................................................................


WIND (MPH)
  RESULTANT WIND SPEED  11   RESULTANT WIND DIRECTION  NW (330)
  HIGHEST WIND SPEED    23   HIGHEST WIND DIRECTION    NW (320)
  HIGHEST GUST SPEED    30   HIGHEST GUST DIRECTION    NW (310)
  AVERAGE WIND SPEED    12.0


SKY COVER
  POSSIBLE SUNSHINE  MM
  AVERAGE SKY COVER 0.0


WEATHER CONDITIONS
 THE FOLLOWING WEATHER WAS RECORDED TODAY.
  NO SIGNIFICANT WEATHER WAS OBSERVED.


RELATIVE HUMIDITY (PERCENT)
 HIGHEST    72          1200 AM
 LOWEST     33           300 PM
 AVERAGE    53

..........................................................


THE HOUGHTON LAKE MI CLIMATE NORMALS FOR TOMORROW
                         NORMAL    RECORD    YEAR
 MAXIMUM TEMPERATURE (F)   56        83      1987
 MINIMUM TEMPERATURE (F)   33         9      1928


SUNRISE AND SUNSET
APRIL 19 2018.........SUNRISE   648 AM EDT   SUNSET   828 PM EDT
APRIL 20 2018.........SUNRISE   647 AM EDT   SUNSET   829 PM EDT


-  INDICATES NEGATIVE NUMBERS.
R  INDICATES RECORD WAS SET OR TIED.
MM INDICATES DATA IS MISSING.
T  INDICATES TRACE AMOUNT.




$$
