000
CDUS43 KUNR 210839
CLIIEN


CLIMATE REPORT
NATIONAL WEATHER SERVICE RAPID CITY SD
236 AM MDT MON MAY 21 2018


...................................

...THE PINE RIDGE SD CLIMATE SUMMARY FOR MAY 20 2018...

CLIMATE NORMAL PERIOD 1981 TO 2010
CLIMATE RECORD PERIOD 9999 TO 9999


WEATHER ITEM   OBSERVED TIME   NORMAL DEPARTURE LAST
                VALUE   (LST)  VALUE  FROM      YEAR
                                      NORMAL
......................................................
TEMPERATURE (F)
 YESTERDAY
  MAXIMUM         63    258 PM  71     -8       58
  MINIMUM         34    457 AM  43     -9       36
  AVERAGE         49            57     -8       47

PRECIPITATION (IN)
  YESTERDAY        0.00          0.07  -0.07     0.11
  MONTH TO DATE    2.21          1.63   0.58     3.37
  SINCE MAR 1      4.96          4.41   0.55     7.63
  SINCE JAN 1      5.99          5.20   0.79     8.77

DEGREE DAYS
 HEATING
  YESTERDAY       16             8      8       18
  MONTH TO DATE  176           230    -54      202
  SINCE MAR 1   1730          1700     30     1405
  SINCE JUL 1   7034          7050    -16     6571

 COOLING
  YESTERDAY        0             1     -1        0
  MONTH TO DATE   16             3     13       15
  SINCE MAR 1     17             3     14       16
  SINCE JAN 1     17             3     14       16
......................................................


WIND (MPH)
  HIGHEST WIND SPEED    10   HIGHEST WIND DIRECTION    NE (60)
  HIGHEST GUST SPEED    14   HIGHEST GUST DIRECTION     E (70)
  AVERAGE WIND SPEED     3.0


SKY COVER
  AVERAGE SKY COVER 0.1


WEATHER CONDITIONS
 THE FOLLOWING WEATHER WAS RECORDED YESTERDAY.
  FOG


RELATIVE HUMIDITY (PERCENT)
 HIGHEST   100          1200 AM
 LOWEST     36           200 PM
 AVERAGE    68

..........................................................




SUNRISE AND SUNSET
MAY 21 2018...........SUNRISE   521 AM MDT   SUNSET   813 PM MDT
MAY 22 2018...........SUNRISE   520 AM MDT   SUNSET   814 PM MDT


-  INDICATES NEGATIVE NUMBERS.
R  INDICATES RECORD WAS SET OR TIED.
MM INDICATES DATA IS MISSING.
T  INDICATES TRACE AMOUNT.




$$
