000
CDUS42 KILM 260845
CLIILM


CLIMATE REPORT
NATIONAL WEATHER SERVICE WILMINGTON NC
444 AM EDT THU APR 26 2018


...................................

...THE WILMINGTON NORTH CAROLINA CLIMATE SUMMARY FOR APRIL 25 2018...

CLIMATE NORMAL PERIOD 1981 TO 2010
CLIMATE RECORD PERIOD 1871 TO 2018


WEATHER ITEM   OBSERVED TIME   RECORD YEAR NORMAL DEPARTURE LAST
                VALUE   (LST)  VALUE       VALUE  FROM      YEAR
                                                  NORMAL
..................................................................
TEMPERATURE (F)
 YESTERDAY
  MAXIMUM         77    213 PM  91    1948  76      1       74
  MINIMUM         58   1130 PM  39    1875  54      4       61
  AVERAGE         68                        65      3       68

PRECIPITATION (IN)
  YESTERDAY        0.00          1.47 2003   0.09  -0.09     0.05
  MONTH TO DATE    5.35                      2.35   3.00     7.05
  SINCE MAR 1      8.60                      6.56   2.04     9.76
  SINCE JAN 1     17.25                     13.94   3.31    15.31

SNOWFALL (IN)
  YESTERDAY        0.0          MM      MM   0.0    0.0      0.0
  MONTH TO DATE    0.0                       0.0    0.0      0.0
  SINCE MAR 1      0.0                       0.2   -0.2      1.1
  SINCE JUL 1      3.8                       1.7    2.1      1.1
  SNOW DEPTH       0

DEGREE DAYS
 HEATING
  YESTERDAY        0                         3     -3        0
  MONTH TO DATE  154                       119     35       44
  SINCE MAR 1    581                       442    139      417
  SINCE JUL 1   2383                      2371     12     1932

 COOLING
  YESTERDAY        3                         3      0        3
  MONTH TO DATE   29                        50    -21       84
  SINCE MAR 1     37                        66    -29      108
  SINCE JAN 1     75                        71      4      114
..................................................................


WIND (MPH)
  RESULTANT WIND SPEED   8   RESULTANT WIND DIRECTION   W (250)
  HIGHEST WIND SPEED    22   HIGHEST WIND DIRECTION     W (270)
  HIGHEST GUST SPEED    28   HIGHEST GUST DIRECTION     W (270)
  AVERAGE WIND SPEED     9.0


SKY COVER
  POSSIBLE SUNSHINE  MM
  AVERAGE SKY COVER 0.3


WEATHER CONDITIONS
 THE FOLLOWING WEATHER WAS RECORDED YESTERDAY.
  NO SIGNIFICANT WEATHER WAS OBSERVED.


RELATIVE HUMIDITY (PERCENT)
 HIGHEST    93          1100 PM
 LOWEST     50           100 PM
 AVERAGE    72

..........................................................


THE WILMINGTON NORTH CAROLINA CLIMATE NORMALS FOR TODAY
                         NORMAL    RECORD    YEAR
 MAXIMUM TEMPERATURE (F)   77        93      1990
 MINIMUM TEMPERATURE (F)   54        37      1888


SUNRISE AND SUNSET
APRIL 26 2018.........SUNRISE   627 AM EDT   SUNSET   752 PM EDT
APRIL 27 2018.........SUNRISE   626 AM EDT   SUNSET   753 PM EDT


-  INDICATES NEGATIVE NUMBERS.
R  INDICATES RECORD WAS SET OR TIED.
MM INDICATES DATA IS MISSING.
T  INDICATES TRACE AMOUNT.




$$
