000
CDUS43 KIND 242356
CLIIND


CLIMATE REPORT
NATIONAL WEATHER SERVICE INDIANAPOLIS IN
755 PM EDT TUE APR 24 2018


...................................

...THE INDIANAPOLIS IN CLIMATE SUMMARY FOR APRIL 24 2018...
VALID TODAY AS OF 0500 PM LOCAL TIME.

CLIMATE NORMAL PERIOD 1981 TO 2010
CLIMATE RECORD PERIOD 1871 TO 2018


WEATHER ITEM   OBSERVED TIME   RECORD YEAR NORMAL DEPARTURE LAST
                VALUE   (LST)  VALUE       VALUE  FROM      YEAR
                                                  NORMAL
..................................................................
TEMPERATURE (F)
 TODAY
  MAXIMUM         57    348 PM  90    1925  66     -9       76
  MINIMUM         51    657 AM  28    1910  46      5       46
  AVERAGE         54                        56     -2       61

PRECIPITATION (IN)
  TODAY            0.07          1.65 1880   0.13  -0.06     0.00
  MONTH TO DATE    5.41                      2.99   2.42     1.47
  SINCE MAR 1      9.48                      6.55   2.93     6.19
  SINCE JAN 1     16.13                     11.53   4.60    11.64

SNOWFALL (IN)
  TODAY            0.0           0.1  1910   0.0    0.0      0.0
  MONTH TO DATE    2.6                       0.2    2.4      0.0
  SINCE MAR 1     14.2                       2.8   11.4      1.0
  SINCE JUL 1     23.2                      25.9   -2.7      9.7
  SNOW DEPTH      MM

..................................................................


WIND (MPH)
  HIGHEST WIND SPEED    13   HIGHEST WIND DIRECTION     E (100)
  HIGHEST GUST SPEED    16   HIGHEST GUST DIRECTION     E (70)
  AVERAGE WIND SPEED     8.9


SKY COVER
  AVERAGE SKY COVER 1.0


WEATHER CONDITIONS
 THE FOLLOWING WEATHER WAS RECORDED TODAY.
  LIGHT RAIN
  FOG


RELATIVE HUMIDITY (PERCENT)
 HIGHEST    96           100 AM
 LOWEST     89          1200 AM

..........................................................


THE INDIANAPOLIS IN CLIMATE NORMALS FOR TOMORROW
                         NORMAL    RECORD    YEAR
 MAXIMUM TEMPERATURE (F)   67        87      1915
 MINIMUM TEMPERATURE (F)   46        27      1919


SUNRISE AND SUNSET
APRIL 24 2018.........SUNRISE   655 AM EDT   SUNSET   832 PM EDT
APRIL 25 2018.........SUNRISE   653 AM EDT   SUNSET   833 PM EDT


-  INDICATES NEGATIVE NUMBERS.
R  INDICATES RECORD WAS SET OR TIED.
MM INDICATES DATA IS MISSING.
T  INDICATES TRACE AMOUNT.




$$
