000
CDUS43 KDLH 262251
CLIINL


CLIMATE REPORT
NATIONAL WEATHER SERVICE DULUTH MN
550 PM CDT SAT MAY 26 2018


...................................

...THE INTERNATIONAL FALLS CLIMATE SUMMARY FOR MAY 26 2018...
VALID TODAY AS OF 0500 PM LOCAL TIME.

CLIMATE NORMAL PERIOD 1981 TO 2010
CLIMATE RECORD PERIOD 1895 TO 2018


WEATHER ITEM   OBSERVED TIME   RECORD YEAR NORMAL DEPARTURE LAST
                VALUE   (LST)  VALUE       VALUE  FROM      YEAR
                                                  NORMAL
..................................................................
TEMPERATURE (F)
 TODAY
  MAXIMUM         82    335 PM  88    1919  68     14       76
  MINIMUM         53         MM  28    2011  42     11       46
                                      1961
                                      1947
  AVERAGE         68                        55     13       61

PRECIPITATION (IN)
  TODAY            T             0.71 1959   0.11  -0.11     0.03
  MONTH TO DATE    3.21                      2.33   0.88     0.81
  SINCE MAR 1      3.92                      4.81  -0.89     3.07
  SINCE JAN 1      5.61                      6.00  -0.39     5.82

SNOWFALL (IN)
  TODAY            0.0           T           0.0    0.0      0.0
  MONTH TO DATE    0.0                       0.2   -0.2      0.0
  SINCE JUL 1     62.2                      71.0   -8.8     70.4
  SNOW DEPTH       0

DEGREE DAYS
 HEATING
  TODAY            0                        10    -10        4
  MONTH TO DATE  294                       371    -77      428
  SINCE MAR 1   2576                      2426    150     2434
  SINCE JUL 1  10356                     10009    347     8908

 COOLING
  TODAY            3                         0      3        0
  MONTH TO DATE   16                         0     16        0
  SINCE MAR 1     17                         1     16        0
  SINCE JAN 1     17                         1     16        0
..................................................................


WIND (MPH)
  HIGHEST WIND SPEED    17   HIGHEST WIND DIRECTION     W (280)
  HIGHEST GUST SPEED    23   HIGHEST GUST DIRECTION     W (280)


SKY COVER
  AVERAGE SKY COVER 0.4


WEATHER CONDITIONS
 THE FOLLOWING WEATHER WAS RECORDED TODAY.
  FOG


RELATIVE HUMIDITY (PERCENT)
 HIGHEST   100          1200 AM
 LOWEST     45           100 PM
 AVERAGE    73

..........................................................


THE INTERNATIONAL FALLS CLIMATE NORMALS FOR TOMORROW
                         NORMAL    RECORD    YEAR
 MAXIMUM TEMPERATURE (F)   68        94      1969
 MINIMUM TEMPERATURE (F)   42        25      2008


SUNRISE AND SUNSET
MAY 26 2018...........SUNRISE   521 AM CDT   SUNSET   901 PM CDT
MAY 27 2018...........SUNRISE   520 AM CDT   SUNSET   902 PM CDT


-  INDICATES NEGATIVE NUMBERS.
R  INDICATES RECORD WAS SET OR TIED.
MM INDICATES DATA IS MISSING.
T  INDICATES TRACE AMOUNT.




$$
