415
CDUS45 KFGZ 220736
CLIINW


CLIMATE REPORT
NATIONAL WEATHER SERVICE FLAGSTAFF, AZ
1236 AM MST TUE MAY 22 2018


...................................

...THE WINSLOW AZ AIRPORT CLIMATE SUMMARY FOR MAY 21 2018...

CLIMATE NORMAL PERIOD 1981 TO 2010
CLIMATE RECORD PERIOD 1915 TO 2018


WEATHER ITEM   OBSERVED TIME   RECORD YEAR NORMAL DEPARTURE LAST
                VALUE   (LST)  VALUE       VALUE  FROM      YEAR
                                                  NORMAL
..................................................................
TEMPERATURE (F)
 YESTERDAY
  MAXIMUM         87    335 PM  96    2005  83      4       83
  MINIMUM         45    443 AM  33    1974  47     -2       37
  AVERAGE         66                        65      1       60

PRECIPITATION (IN)
  YESTERDAY        0.00          0.62 1959   0.01  -0.01     0.00
  MONTH TO DATE    T                         0.23  -0.23     0.40
  SINCE SEP 1      0.54                      4.49  -3.95     5.22
  SINCE JAN 1      0.31                      2.01  -1.70     2.14

DEGREE DAYS
 HEATING
  YESTERDAY        0                         2     -2        5
  MONTH TO DATE   58                        90    -32      130
  SINCE JUL 1   3853                      4469   -616     3629

 COOLING
  YESTERDAY        1                         2     -1        0
  MONTH TO DATE   54                        30     24       18
  SINCE JAN 1     69                        34     35       18
..................................................................


WIND (MPH)
  HIGHEST WIND SPEED    26   HIGHEST WIND DIRECTION    SW (210)
  HIGHEST GUST SPEED    35   HIGHEST GUST DIRECTION     S (200)
  AVERAGE WIND SPEED    10.0


SKY COVER
  POSSIBLE SUNSHINE  MM
  AVERAGE SKY COVER 0.0


WEATHER CONDITIONS
 THE FOLLOWING WEATHER WAS RECORDED YESTERDAY.
  NO SIGNIFICANT WEATHER WAS OBSERVED.


RELATIVE HUMIDITY (PERCENT)
 HIGHEST    23           400 AM
 LOWEST      7           400 PM
 AVERAGE    15

..........................................................


THE WINSLOW AZ AIRPORT CLIMATE NORMALS FOR TODAY
                         NORMAL    RECORD    YEAR
 MAXIMUM TEMPERATURE (F)   84        98      2005
 MINIMUM TEMPERATURE (F)   47        30      1975
                                             1927


SUNRISE AND SUNSET
MAY 22 2018...........SUNRISE   515 AM MST   SUNSET   725 PM MST
MAY 23 2018...........SUNRISE   514 AM MST   SUNSET   726 PM MST


-  INDICATES NEGATIVE NUMBERS.
R  INDICATES RECORD WAS SET OR TIED.
MM INDICATES DATA IS MISSING.
T  INDICATES TRACE AMOUNT.




$$
