000
CDUS44 KJAN 202120
CLIJAN


CLIMATE REPORT
NATIONAL WEATHER SERVICE JACKSON MS
408 PM CDT FRI APR 20 2018


...................................

...THE JACKSON CLIMATE SUMMARY FOR APRIL 20 2018...
VALID TODAY AS OF 0400 PM LOCAL TIME.

CLIMATE NORMAL PERIOD 1981 TO 2010
CLIMATE RECORD PERIOD 1896 TO 2018


WEATHER ITEM   OBSERVED TIME   RECORD YEAR NORMAL DEPARTURE LAST
                VALUE   (LST)  VALUE       VALUE  FROM      YEAR
                                                  NORMAL
..................................................................
TEMPERATURE (F)
 TODAY
  MAXIMUM         69    246 PM  91    1987  77     -8       85
  MINIMUM         42    550 AM  37    1953  53    -11       62
  AVERAGE         56                        65     -9       74

PRECIPITATION (IN)
  TODAY            0.00          2.65 1995   0.17  -0.17     0.00
  MONTH TO DATE    4.98                      3.52   1.46     7.47
  SINCE MAR 1     14.17                      8.56   5.61    11.99
  SINCE JAN 1     27.78                     18.29   9.49    22.20

SNOWFALL (IN)
  TODAY            0.0           0.0    MM   0.0    0.0      0.0
  MONTH TO DATE    0.0                       0.0    0.0      0.0
  SINCE MAR 1      0.0                       0.1   -0.1      0.0
  SINCE JUL 1      5.9                       0.8    5.1      0.8

DEGREE DAYS
 HEATING
  TODAY            9                         3      6        0
  MONTH TO DATE  127                        89     38       23
  SINCE MAR 1    355                       367    -12      187
  SINCE JUL 1   2025                      2359   -334     1305

 COOLING
  TODAY            0                         3     -3        9
  MONTH TO DATE   22                        45    -23       86
  SINCE MAR 1     62                        72    -10      171
  SINCE JAN 1    127                        82     45      229
..................................................................


WIND (MPH)
  HIGHEST WIND SPEED    15   HIGHEST WIND DIRECTION     N (10)
  HIGHEST GUST SPEED    19   HIGHEST GUST DIRECTION     N (10)
  AVERAGE WIND SPEED     9.4


SKY COVER
  POSSIBLE SUNSHINE  MM
  AVERAGE SKY COVER 0.0


WEATHER CONDITIONS
 THE FOLLOWING WEATHER WAS RECORDED TODAY.
  NO SIGNIFICANT WEATHER WAS OBSERVED.


RELATIVE HUMIDITY (PERCENT)
 HIGHEST    76           500 AM
 LOWEST     37           200 PM
 AVERAGE    57

..........................................................


THE JACKSON CLIMATE NORMALS FOR TOMORROW
                         NORMAL    RECORD    YEAR
 MAXIMUM TEMPERATURE (F)   77        94      1987
 MINIMUM TEMPERATURE (F)   54        37      1934


SUNRISE AND SUNSET
APRIL 20 2018.........SUNRISE   625 AM CDT   SUNSET   734 PM CDT
APRIL 21 2018.........SUNRISE   624 AM CDT   SUNSET   734 PM CDT


-  INDICATES NEGATIVE NUMBERS.
R  INDICATES RECORD WAS SET OR TIED.
MM INDICATES DATA IS MISSING.
T  INDICATES TRACE AMOUNT.

AT 4 PM:

THE PEARL RIVER STAGE AT JACKSON WAS 18.3 FEET. THE RIVER
HAS FALLEN 1.3 FEET OVER THE PAST 24 HOURS.

THE MISSISSIPPI RIVER STAGE AT VICKSBURG WAS 43.1 FEET. THE RIVER
HAS REMAINED STEADY OVER THE PAST 24 HOURS.

THE AIR QUALITY INDEX IN JACKSON WAS 42...WHICH WAS GOOD.


$$
