000
CDUS44 KMEG 262154
CLIJBR


CLIMATE REPORT
NATIONAL WEATHER SERVICE MEMPHIS TN
454 PM CDT THU APR 26 2018


...................................

...THE JONESBORO CLIMATE SUMMARY FOR APRIL 26 2018...
VALID TODAY AS OF 0400 PM LOCAL TIME.

CLIMATE NORMAL PERIOD 1981 TO 2010
CLIMATE RECORD PERIOD 1897 TO 2018


WEATHER ITEM   OBSERVED TIME   RECORD YEAR NORMAL DEPARTURE LAST
                VALUE   (LST)  VALUE       VALUE  FROM      YEAR
                                                  NORMAL
..................................................................
TEMPERATURE (F)
 TODAY
  MAXIMUM         61    259 PM  93    1901  74    -13       77
  MINIMUM         54    625 AM  29    1919  53      1       52
  AVERAGE         58                        63     -5       65

PRECIPITATION (IN)
  TODAY            0.38          2.20 1921   0.19   0.19     2.09
  MONTH TO DATE    5.58                      4.26   1.32     3.81
  SINCE MAR 1      9.45                      8.76   0.69    10.08
  SINCE JAN 1     26.10                     15.91  10.19    15.69

DEGREE DAYS
 HEATING
  TODAY            7                         4      3        0
  MONTH TO DATE  318                       184    134       87
  SINCE MAR 1    716                       648     68      451
  SINCE JUL 1   3499                      3604   -105     2584

 COOLING
  TODAY            0                         2     -2        0
  MONTH TO DATE    9                        33    -24       50
  SINCE MAR 1     11                        39    -28       56
  SINCE JAN 1     16                        39    -23       60
..................................................................


WIND (MPH)
  HIGHEST WIND SPEED    15   HIGHEST WIND DIRECTION     N (10)
  HIGHEST GUST SPEED    22   HIGHEST GUST DIRECTION     N (10)
  AVERAGE WIND SPEED     6.2


SKY COVER
  POSSIBLE SUNSHINE  MM
  AVERAGE SKY COVER 1.0


WEATHER CONDITIONS
 THE FOLLOWING WEATHER WAS RECORDED TODAY.
  RAIN
  LIGHT RAIN
  FOG


RELATIVE HUMIDITY (PERCENT)
 HIGHEST   100          1200 AM
 LOWEST     69           300 PM
 AVERAGE    85

..........................................................


THE JONESBORO CLIMATE NORMALS FOR TOMORROW
                         NORMAL    RECORD    YEAR
 MAXIMUM TEMPERATURE (F)   74        92      1987
                                             1901
 MINIMUM TEMPERATURE (F)   53        35      1919


SUNRISE AND SUNSET
APRIL 26 2018.........SUNRISE   616 AM CDT   SUNSET   745 PM CDT
APRIL 27 2018.........SUNRISE   615 AM CDT   SUNSET   746 PM CDT


-  INDICATES NEGATIVE NUMBERS.
R  INDICATES RECORD WAS SET OR TIED.
MM INDICATES DATA IS MISSING.
T  INDICATES TRACE AMOUNT.




$$
