000
CDUS43 KSGF 250629
CLIJLN


CLIMATE REPORT
NATIONAL WEATHER SERVICE SPRINGFIELD MO
128 AM CDT FRI MAY 25 2018


...................................

...THE JOPLIN MO CLIMATE SUMMARY FOR MAY 24 2018...

CLIMATE NORMAL PERIOD 1981 TO 2010
CLIMATE RECORD PERIOD 1902 TO 2018


WEATHER ITEM   OBSERVED TIME   RECORD YEAR NORMAL DEPARTURE LAST
                VALUE   (LST)  VALUE       VALUE  FROM      YEAR
                                                  NORMAL
..................................................................
TEMPERATURE (F)
 YESTERDAY
  MAXIMUM         85    124 PM  90    1996  80      5       68
  MINIMUM         66    525 AM  45    2001  58      8       50
  AVERAGE         76                        69      7       59

PRECIPITATION (IN)
  YESTERDAY        0.21          2.48 2015   0.16   0.05     0.00
  MONTH TO DATE    3.48                      4.46  -0.98     6.59
  SINCE MAR 1      7.89                     12.35  -4.46    20.53
  SINCE JAN 1     13.30                     16.70  -3.40    24.52

DEGREE DAYS
 HEATING
  YESTERDAY        0                         1     -1        6
  MONTH TO DATE    3                        59    -56       61
  SINCE MAR 1    899                       808     91      616
  SINCE JUL 1   4087                      4062     25     3168

 COOLING
  YESTERDAY       11                         5      6        0
  MONTH TO DATE  189                        84    105       85
  SINCE MAR 1    205                       137     68      149
  SINCE JAN 1    205                       138     67      159
..................................................................


WIND (MPH)
  HIGHEST WIND SPEED    16   HIGHEST WIND DIRECTION     N (350)
  HIGHEST GUST SPEED    23   HIGHEST GUST DIRECTION     N (340)
  AVERAGE WIND SPEED     4.7


SKY COVER
  AVERAGE SKY COVER 0.4


WEATHER CONDITIONS
 THE FOLLOWING WEATHER WAS RECORDED YESTERDAY.
  THUNDERSTORM
  RAIN
  LIGHT RAIN
  FOG


RELATIVE HUMIDITY (PERCENT)
 HIGHEST    93          1200 AM
 LOWEST     65           200 PM
 AVERAGE    79

..........................................................


THE JOPLIN MO CLIMATE NORMALS FOR TODAY
                         NORMAL    RECORD    YEAR
 MAXIMUM TEMPERATURE (F)   80        92      2006
 MINIMUM TEMPERATURE (F)   59        44      1979


SUNRISE AND SUNSET
MAY 25 2018...........SUNRISE   603 AM CDT   SUNSET   828 PM CDT
MAY 26 2018...........SUNRISE   602 AM CDT   SUNSET   828 PM CDT


-  INDICATES NEGATIVE NUMBERS.
R  INDICATES RECORD WAS SET OR TIED.
MM INDICATES DATA IS MISSING.
T  INDICATES TRACE AMOUNT.




$$
