000
CDUS43 KGRR 262125
CLIJXN


CLIMATE REPORT
NATIONAL WEATHER SERVICE GRAND RAPIDS, MI
525 PM EDT THU APR 26 2018


...................................

...THE JACKSON MI CLIMATE SUMMARY FOR APRIL 26 2018...
VALID TODAY AS OF 0500 PM LOCAL TIME.

CLIMATE NORMAL PERIOD 1981 TO 2010
CLIMATE RECORD PERIOD 1944 TO 9999


WEATHER ITEM   OBSERVED TIME   NORMAL DEPARTURE LAST
                VALUE   (LST)  VALUE  FROM      YEAR
                                      NORMAL
......................................................
TEMPERATURE (F)
 TODAY
  MAXIMUM         64    349 PM  63      1       81
  MINIMUM         32    618 AM  40     -8       56
  AVERAGE         48            52     -4       69

PRECIPITATION (IN)
  TODAY            0.00          0.09  -0.09     0.22
  MONTH TO DATE    2.68          2.25   0.43     3.65
  SINCE MAR 1      4.91          4.15   0.76     7.54
  SINCE JAN 1      9.97          6.93   3.04    12.48

DEGREE DAYS
 HEATING
  TODAY           17            14      3        0
  MONTH TO DATE  650           470    180      303
  SINCE MAR 1   1626          1380    246     1219
  SINCE JUL 1   6330          6294     36     5227

 COOLING
  TODAY            0             0      0        4
  MONTH TO DATE    0             0      0        7
  SINCE MAR 1      0             0      0        7
  SINCE JAN 1      0             0      0        7
......................................................


WIND (MPH)
  RESULTANT WIND SPEED   1   RESULTANT WIND DIRECTION  SW (210)
  HIGHEST WIND SPEED    13   HIGHEST WIND DIRECTION    SW (240)
  HIGHEST GUST SPEED    15   HIGHEST GUST DIRECTION    SW (240)
  AVERAGE WIND SPEED     2.9


SKY COVER
  AVERAGE SKY COVER 0.0


WEATHER CONDITIONS
 THE FOLLOWING WEATHER WAS RECORDED TODAY.
  FOG


RELATIVE HUMIDITY (PERCENT)
 HIGHEST   100           300 AM
 LOWEST     30           400 PM
 AVERAGE    65

..........................................................


THE JACKSON MI CLIMATE NORMALS FOR TOMORROW
                         NORMAL
 MAXIMUM TEMPERATURE (F)   63
 MINIMUM TEMPERATURE (F)   41


SUNRISE AND SUNSET
APRIL 26 2018.........SUNRISE   640 AM EDT   SUNSET   832 PM EDT
APRIL 27 2018.........SUNRISE   639 AM EDT   SUNSET   833 PM EDT


-  INDICATES NEGATIVE NUMBERS.
R  INDICATES RECORD WAS SET OR TIED.
MM INDICATES DATA IS MISSING.
T  INDICATES TRACE AMOUNT.




$$
