000
CDUS43 KIND 260534
CLILAF


CLIMATE REPORT
NATIONAL WEATHER SERVICE INDIANAPOLIS IN
133 AM EDT THU APR 26 2018


...................................

...THE LAFAYETTE IN CLIMATE SUMMARY FOR APRIL 25 2018...

CLIMATE NORMAL PERIOD 1981 TO 2010
CLIMATE RECORD PERIOD 9999 TO 9999


WEATHER ITEM   OBSERVED TIME   NORMAL DEPARTURE LAST
                VALUE   (LST)  VALUE  FROM      YEAR
                                      NORMAL
......................................................
TEMPERATURE (F)
 YESTERDAY
  MAXIMUM         63    232 PM  66     -3       76
  MINIMUM         39   1159 PM  44     -5       51
  AVERAGE         51            55     -4       64

PRECIPITATION (IN)
  YESTERDAY        0.00          0.13  -0.13     0.00
  MONTH TO DATE    2.95          2.90   0.05     2.30
  SINCE MAR 1      6.00          5.57   0.43     5.97
  SINCE JAN 1     12.18          9.19   2.99    10.87

DEGREE DAYS
 HEATING
  YESTERDAY       14            10      4        1
  MONTH TO DATE  542           358    184      239
  SINCE MAR 1   1421          1109    312      963
  SINCE JUL 1   5847          5443    404     4651

 COOLING
  YESTERDAY        0             1     -1        0
  MONTH TO DATE    2             7     -5        7
  SINCE MAR 1      2             8     -6        8
  SINCE JAN 1      2             8     -6        8
......................................................


WIND (MPH)
  HIGHEST WIND SPEED    20   HIGHEST WIND DIRECTION     N (20)
  HIGHEST GUST SPEED    26   HIGHEST GUST DIRECTION    NW (330)
  AVERAGE WIND SPEED     9.6


SKY COVER
  AVERAGE SKY COVER 0.3


WEATHER CONDITIONS
 THE FOLLOWING WEATHER WAS RECORDED YESTERDAY.
  FOG


RELATIVE HUMIDITY (PERCENT)
 HIGHEST   100           300 AM
 LOWEST     37           400 PM
 AVERAGE    69

..........................................................


THE LAFAYETTE IN CLIMATE NORMALS FOR TODAY
                         NORMAL
 MAXIMUM TEMPERATURE (F)   67
 MINIMUM TEMPERATURE (F)   44


SUNRISE AND SUNSET
APRIL 26 2018.........SUNRISE   654 AM EDT   SUNSET   838 PM EDT
APRIL 27 2018.........SUNRISE   652 AM EDT   SUNSET   839 PM EDT


-  INDICATES NEGATIVE NUMBERS.
R  INDICATES RECORD WAS SET OR TIED.
MM INDICATES DATA IS MISSING.
T  INDICATES TRACE AMOUNT.




$$
