381
CDUS43 KLBF 220937
CLILBF


CLIMATE REPORT
NATIONAL WEATHER SERVICE NORTH PLATTE
436 AM CDT SUN APR 22 2018


...................................

...THE NORTH PLATTE NE CLIMATE SUMMARY FOR APRIL 21 2018...

CLIMATE NORMAL PERIOD 1981 TO 2010
CLIMATE RECORD PERIOD 1874 TO 2018


WEATHER ITEM   OBSERVED TIME   RECORD YEAR NORMAL DEPARTURE LAST
                VALUE   (LST)  VALUE       VALUE  FROM      YEAR
                                                  NORMAL
..................................................................
TEMPERATURE (F)
 YESTERDAY
  MAXIMUM         47    529 PM  94    1980  64    -17       56
  MINIMUM         39    833 AM  20    2000  35      4       36
                                      1907
  AVERAGE         43                        49     -6       46

PRECIPITATION (IN)
  YESTERDAY        0.19          1.91 2005   0.09   0.10     0.00
  MONTH TO DATE    1.25                      1.47  -0.22     0.31
  SINCE MAR 1      1.96                      2.52  -0.56     2.13
  SINCE JAN 1      3.86                      3.36   0.50     3.32

SNOWFALL (IN)
  YESTERDAY        0.0           0.4  1920   0.0    0.0      0.0
  MONTH TO DATE    9.5                       2.7    6.8      0.0
  SINCE MAR 1     12.6                       7.1    5.5       T
  SINCE JUL 1     49.1                      28.0   21.1     20.3
  SNOW DEPTH       0

DEGREE DAYS
 HEATING
  YESTERDAY       22                        16      6       19
  MONTH TO DATE  547                       399    148      246
  SINCE MAR 1   1330                      1236     94      897
  SINCE JUL 1   6356                      6264     92     5219

 COOLING
  YESTERDAY        0                         0      0        0
  MONTH TO DATE    0                         0      0        2
  SINCE MAR 1      0                         0      0        2
  SINCE JAN 1      0                         0      0        2
..................................................................


WIND (MPH)
  HIGHEST WIND SPEED    20   HIGHEST WIND DIRECTION    SE (140)
  HIGHEST GUST SPEED    27   HIGHEST GUST DIRECTION    SE (150)
  AVERAGE WIND SPEED     8.8


SKY COVER
  POSSIBLE SUNSHINE  MM
  AVERAGE SKY COVER 1.0


WEATHER CONDITIONS
 THE FOLLOWING WEATHER WAS RECORDED YESTERDAY.
  LIGHT RAIN
  FOG


RELATIVE HUMIDITY (PERCENT)
 HIGHEST    93           900 AM
 LOWEST     71           400 PM
 AVERAGE    82

..........................................................


THE NORTH PLATTE NE CLIMATE NORMALS FOR TODAY
                         NORMAL    RECORD    YEAR
 MAXIMUM TEMPERATURE (F)   64        93      1989
 MINIMUM TEMPERATURE (F)   35        20      1996
                                             1967


SUNRISE AND SUNSET
APRIL 22 2018.........SUNRISE   653 AM CDT   SUNSET   830 PM CDT
APRIL 23 2018.........SUNRISE   651 AM CDT   SUNSET   831 PM CDT


-  INDICATES NEGATIVE NUMBERS.
R  INDICATES RECORD WAS SET OR TIED.
MM INDICATES DATA IS MISSING.
T  INDICATES TRACE AMOUNT.




$$
