000
CDUS43 KLMK 232056
CLILEX


CLIMATE REPORT
NATIONAL WEATHER SERVICE LOUISVILLE KY
446 PM EDT WED MAY 23 2018


...................................

...THE LEXINGTON KY CLIMATE SUMMARY FOR MAY 23 2018...
VALID TODAY AS OF 0400 PM LOCAL TIME.

CLIMATE NORMAL PERIOD 1981 TO 2010
CLIMATE RECORD PERIOD 1872 TO 2018


WEATHER ITEM   OBSERVED TIME   RECORD YEAR NORMAL DEPARTURE LAST
                VALUE   (LST)  VALUE       VALUE  FROM      YEAR
                                                  NORMAL
..................................................................
TEMPERATURE (F)
 TODAY
  MAXIMUM         83    229 PM  91    1939  76      7       75
                                      1936
  MINIMUM         66    601 AM  39    1963  56     10       55
                                      1917
  AVERAGE         75                        66      9       65

PRECIPITATION (IN)
  TODAY            0.00          1.41 2011   0.17  -0.17     0.06
  MONTH TO DATE    6.20                      3.87   2.33     4.30
  SINCE MAR 1     15.86                     11.54   4.32     9.42
  SINCE JAN 1     28.08                     17.94  10.14    17.52

SNOWFALL (IN)
  TODAY            0.0          MM      MM   0.0    0.0      0.0
  MONTH TO DATE    0.0                       0.0    0.0      0.0
  SINCE MAR 1     13.6                       1.7   11.9       T
  SINCE JUL 1     21.2                      13.0    8.2      3.4
  SNOW DEPTH       0

DEGREE DAYS
 HEATING
  TODAY            0                         3     -3        0
  MONTH TO DATE    6                        97    -91       93
  SINCE MAR 1   1104                      1015     89      755
  SINCE JUL 1   4416                      4586   -170     3465

 COOLING
  TODAY           10                         4      6        0
  MONTH TO DATE  173                        49    124       87
  SINCE MAR 1    181                        71    110      158
  SINCE JAN 1    188                        71    117      162
..................................................................


WIND (MPH)
  HIGHEST WIND SPEED    10   HIGHEST WIND DIRECTION     N (350)
  HIGHEST GUST SPEED    15   HIGHEST GUST DIRECTION     N (340)
  AVERAGE WIND SPEED     3.7


SKY COVER
  POSSIBLE SUNSHINE  MM
  AVERAGE SKY COVER 0.3


WEATHER CONDITIONS
 THE FOLLOWING WEATHER WAS RECORDED TODAY.
  NO SIGNIFICANT WEATHER WAS OBSERVED.


RELATIVE HUMIDITY (PERCENT)
 HIGHEST    93           400 AM
 LOWEST     54           100 PM
 AVERAGE    74

..........................................................


THE LEXINGTON KY CLIMATE NORMALS FOR TOMORROW
                         NORMAL    RECORD    YEAR
 MAXIMUM TEMPERATURE (F)   77        93      1939
 MINIMUM TEMPERATURE (F)   56        37      1925


SUNRISE AND SUNSET
MAY 23 2018...........SUNRISE   622 AM EDT   SUNSET   849 PM EDT
MAY 24 2018...........SUNRISE   621 AM EDT   SUNSET   850 PM EDT


-  INDICATES NEGATIVE NUMBERS.
R  INDICATES RECORD WAS SET OR TIED.
MM INDICATES DATA IS MISSING.
T  INDICATES TRACE AMOUNT.




$$
