000
CDUS44 KLCH 252245
CLILFT


CLIMATE REPORT
NATIONAL WEATHER SERVICE LAKE CHARLES, LA
545 PM CDT WED APR 25 2018


...................................

...THE LAFAYETTE CLIMATE SUMMARY FOR APRIL 25 2018...
VALID TODAY AS OF 0500 PM LOCAL TIME.

CLIMATE NORMAL PERIOD 1981 TO 2010
CLIMATE RECORD PERIOD 1893 TO 2018


WEATHER ITEM   OBSERVED TIME   RECORD YEAR NORMAL DEPARTURE LAST
                VALUE   (LST)  VALUE       VALUE  FROM      YEAR
                                                  NORMAL
..................................................................
TEMPERATURE (F)
 TODAY
  MAXIMUM         84    343 PM  92    1925  82      2       84
  MINIMUM         58    557 AM  45    1968  61     -3       59
  AVERAGE         71                        71      0       72

PRECIPITATION (IN)
  TODAY            0.00          5.07 1905   0.13  -0.13     0.00
  MONTH TO DATE    0.51                      3.22  -2.71     4.85
  SINCE MAR 1      3.11                      7.01  -3.90     6.63
  SINCE JAN 1      9.84                     17.13  -7.29    10.15

SNOWFALL (IN)
  TODAY            0.0           0.0    MM   0.0    0.0      0.0
  MONTH TO DATE    0.0                       0.0    0.0      0.0
  SINCE MAR 1      0.0                       0.0    0.0      0.0
  SINCE JUL 1      2.0                       T      2.0      0.0
  SNOW DEPTH       0

DEGREE DAYS
 HEATING
  TODAY            0                         0      0        0
  MONTH TO DATE   67                        38     29        2
  SINCE MAR 1    180                       188     -8       62
  SINCE JUL 1   1370                      1418    -48      639

 COOLING
  TODAY            6                         7     -1        7
  MONTH TO DATE   52                       122    -70      220
  SINCE MAR 1    142                       185    -43      379
  SINCE JAN 1    262                       217     45      563
..................................................................


WIND (MPH)
  HIGHEST WIND SPEED    13   HIGHEST WIND DIRECTION     W (250)
  HIGHEST GUST SPEED    15   HIGHEST GUST DIRECTION     W (250)
  AVERAGE WIND SPEED     2.4


SKY COVER
  POSSIBLE SUNSHINE  MM
  AVERAGE SKY COVER 0.1


WEATHER CONDITIONS
 THE FOLLOWING WEATHER WAS RECORDED TODAY.
  NO SIGNIFICANT WEATHER WAS OBSERVED.


RELATIVE HUMIDITY (PERCENT)
 HIGHEST   100           600 AM
 LOWEST     43           300 PM
 AVERAGE    72

..........................................................


THE LAFAYETTE CLIMATE NORMALS FOR TOMORROW
                         NORMAL    RECORD    YEAR
 MAXIMUM TEMPERATURE (F)   82        92      1925
 MINIMUM TEMPERATURE (F)   62        41      1910


SUNRISE AND SUNSET
APRIL 25 2018.........SUNRISE   630 AM CDT   SUNSET   742 PM CDT
APRIL 26 2018.........SUNRISE   629 AM CDT   SUNSET   742 PM CDT


-  INDICATES NEGATIVE NUMBERS.
R  INDICATES RECORD WAS SET OR TIED.
MM INDICATES DATA IS MISSING.
T  INDICATES TRACE AMOUNT.




$$
