000
CDUS43 KJKL 252032
CLILOZ

CLIMATE REPORT
NATIONAL WEATHER SERVICE JACKSON KY
433 PM EDT FRI MAY 25 2018

...................................

...THE LONDON KY CLIMATE SUMMARY FOR MAY 25 2018...
VALID TODAY AS OF 0400 PM LOCAL TIME.

CLIMATE NORMAL PERIOD 1981 TO 2010
CLIMATE RECORD PERIOD 1954 TO 2018

WEATHER ITEM   OBSERVED TIME   RECORD YEAR NORMAL DEPARTURE LAST
                VALUE   (LST)  VALUE       VALUE  FROM      YEAR
                                                  NORMAL
..................................................................
TEMPERATURE (F)
 TODAY
  MAXIMUM         86    251 PM  88    1970  78      8       62
  MINIMUM         64    559 AM  40    2013  56      8       52
  AVERAGE         75                        67      8       57

PRECIPITATION (IN)
  TODAY            0.00          1.23 1958   0.17  -0.17     0.36
                                      2006
  MONTH TO DATE    1.60                      4.15  -2.55     7.01
  SINCE MAR 1     11.69                     12.25  -0.56    17.37
  SINCE JAN 1     22.13                     19.50   2.63    22.69

SNOWFALL (IN)
  TODAY           MM
  MONTH TO DATE   MM
  SINCE MAR 1     MM
  SINCE JUL 1     MM
  SNOW DEPTH      MM

DEGREE DAYS
 HEATING
  TODAY            0                         2     -2        8
  MONTH TO DATE    4                        86    -82       87
  SINCE MAR 1   1022                       911    111      724

 COOLING
  TODAY           10                         4      6        0
  MONTH TO DATE  160                        61     99       68
  SINCE MAR 1    165                        87     78      125
  SINCE JAN 1    173                        87     86      125
..................................................................

WIND (MPH)
  HIGHEST WIND SPEED    12   HIGHEST WIND DIRECTION     S (200)
  HIGHEST GUST SPEED    16   HIGHEST GUST DIRECTION    SW (230)
  AVERAGE WIND SPEED     2.9

SKY COVER
  POSSIBLE SUNSHINE  MM
  AVERAGE SKY COVER 0.3

WEATHER CONDITIONS
 THE FOLLOWING WEATHER WAS RECORDED TODAY.
  NO SIGNIFICANT WEATHER WAS OBSERVED.

RELATIVE HUMIDITY (PERCENT)
 HIGHEST    93           300 AM
 LOWEST     51           300 PM
 AVERAGE    72
..........................................................

THE LONDON KY CLIMATE NORMALS FOR TOMORROW
                         NORMAL    RECORD    YEAR
 MAXIMUM TEMPERATURE (F)   79        88      2012
                                             1955
 MINIMUM TEMPERATURE (F)   56        38      1979

SUNRISE AND SUNSET
MAY 25 2018...........SUNRISE   621 AM EDT   SUNSET   846 PM EDT
MAY 26 2018...........SUNRISE   621 AM EDT   SUNSET   846 PM EDT

-  INDICATES NEGATIVE NUMBERS.
R  INDICATES RECORD WAS SET OR TIED.
MM INDICATES DATA IS MISSING.
T  INDICATES TRACE AMOUNT.

$$

CGAL
