797
CDUS44 KCRP 210037
CLILRD

CLIMATE REPORT
NATIONAL WEATHER SERVICE CORPUS CHRISTI TX
734 PM CDT FRI APR 20 2018

...................................

...THE LAREDO CLIMATE SUMMARY FOR APRIL 20 2018...
VALID TODAY AS OF 700 PM LOCAL TIME.

CLIMATE NORMAL PERIOD 1981 TO 2010
CLIMATE RECORD PERIOD 1900 TO 2018


WEATHER ITEM   OBSERVED TIME   RECORD YEAR NORMAL DEPARTURE LAST
                VALUE   (LST)  VALUE       VALUE  FROM      YEAR
                                                  NORMAL
..................................................................
TEMPERATURE (F)
 TODAY
  MAXIMUM         82        MM 109    1984  89     -7       92
  MINIMUM         65        MM  50    1901  66     -1       69
  AVERAGE         74                        77     -3       81

PRECIPITATION (IN)
  TODAY            0.00          1.50 1908   0.05  -0.05     0.00
  MONTH TO DATE    0.16                      0.82  -0.66     1.48
  SINCE MAR 1      1.81                      1.94  -0.13     3.82
  SINCE JAN 1      2.10                      3.78  -1.68     4.79

SNOWFALL (IN)
  TODAY            0.0
  MONTH TO DATE    0.0
  SINCE MAR 1      0.0
  SINCE JUL 1      1.3

DEGREE DAYS
 HEATING
  TODAY            0                         0      0        0
  MONTH TO DATE    2                        12    -10        0
  SINCE MAR 1      9                        81    -72       16
  SINCE JUL 1    845                       925    -80      396

 COOLING
  TODAY            9                        12     -3       16
  MONTH TO DATE  205                       209     -4      247
  SINCE MAR 1    482                       382    100      523
  SINCE JAN 1    616                       467    149      829
..................................................................


WIND (MPH)
  HIGHEST WIND SPEED    MM   HIGHEST WIND DIRECTION    MM
  HIGHEST GUST SPEED    MM   HIGHEST GUST DIRECTION    MM


SKY COVER
  POSSIBLE SUNSHINE  MM
  AVERAGE SKY COVER 0.6


WEATHER CONDITIONS
 THE FOLLOWING WEATHER WAS RECORDED TODAY.
  NO SIGNIFICANT WEATHER WAS OBSERVED.


RELATIVE HUMIDITY (PERCENT)
 HIGHEST    68           700 AM
 LOWEST     35          1200 AM
 AVERAGE    52

..........................................................


THE LAREDO CLIMATE NORMALS FOR TOMORROW
                         NORMAL    RECORD    YEAR
 MAXIMUM TEMPERATURE (F)   89       102      2011
                                             1997
 MINIMUM TEMPERATURE (F)   66        42      1907


SUNRISE AND SUNSET
APRIL 20 2018.........SUNRISE   708 AM CDT   SUNSET   805 PM CDT
APRIL 21 2018.........SUNRISE   707 AM CDT   SUNSET   806 PM CDT


-  INDICATES NEGATIVE NUMBERS.
R  INDICATES RECORD WAS SET OR TIED.
MM INDICATES DATA IS MISSING.
T  INDICATES TRACE AMOUNT.




$$
