401
CDUS43 KTOP 250633
CLILWC


CLIMATE REPORT
NATIONAL WEATHER SERVICE TOPEKA KS
133 AM CDT WED APR 25 2018


...................................

...THE LAWRENCE KS CLIMATE SUMMARY FOR APRIL 24 2018...

CLIMATE NORMAL PERIOD 1981 TO 2010
CLIMATE RECORD PERIOD 9999 TO 9999


WEATHER ITEM   OBSERVED NORMAL DEPARTURE LAST
                VALUE   VALUE  FROM      YEAR
                               NORMAL
...............................................
TEMPERATURE (F)
 YESTERDAY
  MAXIMUM         80     70     10       75
  MINIMUM         37     46     -9       42
  AVERAGE         59     58      1       59

PRECIPITATION (IN)
  YESTERDAY        0.00   0.15  -0.15     0.00
  MONTH TO DATE    0.51   2.83  -2.32     4.29
  SINCE MAR 1      2.05   5.45  -3.40     6.65
  SINCE JAN 1      3.91   7.76  -3.85     7.66

DEGREE DAYS
 HEATING
  YESTERDAY        6      8     -2        6
  MONTH TO DATE  470    280    190      179
  SINCE MAR 1   1094    921    173      698
  SINCE JUL 1   5035   4936     99     3979

 COOLING
  YESTERDAY        0      1     -1        0
  MONTH TO DATE    2     17    -15       25
  SINCE MAR 1      2     20    -18       32
  SINCE JAN 1      2     20    -18       32
...............................................


WIND (MPH)
  HIGHEST WIND SPEED    31   HIGHEST WIND DIRECTION     N (340)
  HIGHEST GUST SPEED    42   HIGHEST GUST DIRECTION     N (350)
  AVERAGE WIND SPEED    10.0


SKY COVER
  AVERAGE SKY COVER 0.3


WEATHER CONDITIONS
 THE FOLLOWING WEATHER WAS RECORDED YESTERDAY.
  NO SIGNIFICANT WEATHER WAS OBSERVED.


RELATIVE HUMIDITY (PERCENT)
 HIGHEST    85
 LOWEST     18
 AVERAGE    52

..........................................................


THE LAWRENCE KS CLIMATE NORMALS FOR TODAY
                         NORMAL
 MAXIMUM TEMPERATURE (F)   70
 MINIMUM TEMPERATURE (F)   46


SUNRISE AND SUNSET
APRIL 25 2018.........SUNRISE   630 AM CDT   SUNSET   808 PM CDT
APRIL 26 2018.........SUNRISE   629 AM CDT   SUNSET   809 PM CDT


-  INDICATES NEGATIVE NUMBERS.
R  INDICATES RECORD WAS SET OR TIED.
MM INDICATES DATA IS MISSING.
T  INDICATES TRACE AMOUNT.




$$
